Last updated on 2024-04-19 11:56:44 CEST.
Flavor | Version | Tinstall | Tcheck | Ttotal | Status | Flags |
---|---|---|---|---|---|---|
r-devel-linux-x86_64-debian-clang | 1.1.3 | 3.19 | 61.43 | 64.62 | OK | |
r-devel-linux-x86_64-debian-gcc | 1.1.3 | OK | ||||
r-devel-linux-x86_64-fedora-clang | 1.1.3 | 85.70 | NOTE | |||
r-devel-linux-x86_64-fedora-gcc | 1.1.3 | 92.43 | NOTE | |||
r-prerel-macos-arm64 | 1.1.3 | 35.00 | OK | |||
r-prerel-windows-x86_64 | 1.1.3 | 6.00 | 70.00 | 76.00 | OK | |
r-patched-linux-x86_64 | 1.1.3 | 5.30 | 57.53 | 62.83 | OK | |
r-release-linux-x86_64 | 1.1.3 | 5.19 | 58.73 | 63.92 | OK | |
r-release-macos-arm64 | 1.1.3 | 38.00 | OK | |||
r-release-macos-x86_64 | 1.1.3 | 56.00 | OK | |||
r-release-windows-x86_64 | 1.1.3 | 7.00 | 78.00 | 85.00 | OK | |
r-oldrel-macos-arm64 | 1.1.3 | 31.00 | OK | |||
r-oldrel-windows-x86_64 | 1.1.3 | 7.00 | 81.00 | 88.00 | OK |
Version: 1.1.3
Check: dependencies in R code
Result: NOTE
Namespace in Imports field not imported from: ‘colorspace’
All declared Imports should be used.
Flavors: r-devel-linux-x86_64-fedora-clang, r-devel-linux-x86_64-fedora-gcc