CRAN Package Check Results for Package epicontacts

Last updated on 2022-09-26 03:56:06 CEST.

Flavor Version Tinstall Tcheck Ttotal Status Flags
r-devel-linux-x86_64-debian-clang 1.1.2 5.47 58.64 64.11 OK
r-devel-linux-x86_64-debian-gcc 1.1.2 3.91 44.79 48.70 OK
r-devel-linux-x86_64-fedora-clang 1.1.2 88.68 NOTE
r-devel-linux-x86_64-fedora-gcc 1.1.2 90.72 NOTE
r-devel-windows-x86_64 1.1.2 25.00 103.00 128.00 OK
r-patched-linux-x86_64 1.1.2 5.46 57.05 62.51 OK
r-release-linux-x86_64 1.1.2 4.57 55.40 59.97 OK
r-release-macos-arm64 1.1.2 28.00 NOTE
r-release-macos-x86_64 1.1.2 49.00 NOTE
r-release-windows-x86_64 1.1.2 49.00 97.00 146.00 OK
r-oldrel-macos-arm64 1.1.2 33.00 NOTE
r-oldrel-macos-x86_64 1.1.2 51.00 NOTE
r-oldrel-windows-ix86+x86_64 1.1.2 11.00 86.00 97.00 OK

Check Details

Version: 1.1.2
Check: dependencies in R code
Result: NOTE
    Namespace in Imports field not imported from: ‘colorspace’
     All declared Imports should be used.
Flavors: r-devel-linux-x86_64-fedora-clang, r-devel-linux-x86_64-fedora-gcc, r-release-macos-arm64, r-release-macos-x86_64, r-oldrel-macos-arm64, r-oldrel-macos-x86_64