Last updated on 2024-04-23 12:49:26 CEST.
Flavor | Version | Tinstall | Tcheck | Ttotal | Status | Flags |
---|---|---|---|---|---|---|
r-devel-linux-x86_64-debian-clang | 1.1.1 | 0.57 | 2.16 | 2.73 | ERROR | |
r-devel-linux-x86_64-debian-gcc | 1.1.1 | 4.55 | 49.29 | 53.84 | OK | |
r-devel-linux-x86_64-fedora-clang | 1.1.1 | 94.78 | NOTE | |||
r-devel-linux-x86_64-fedora-gcc | 1.1.1 | 103.74 | NOTE | |||
r-prerel-macos-arm64 | 1.1.1 | 36.00 | OK | |||
r-prerel-macos-x86_64 | 1.1.1 | 66.00 | OK | |||
r-prerel-windows-x86_64 | 1.1.1 | 7.00 | 72.00 | 79.00 | OK | |
r-patched-linux-x86_64 | 1.1.1 | 5.39 | 60.86 | 66.25 | OK | |
r-release-linux-x86_64 | 1.1.1 | 4.11 | 62.22 | 66.33 | OK | |
r-release-macos-arm64 | 1.1.1 | 41.00 | OK | |||
r-release-macos-x86_64 | 1.1.1 | 52.00 | OK | |||
r-release-windows-x86_64 | 1.1.1 | 12.00 | 79.00 | 91.00 | OK | |
r-oldrel-macos-arm64 | 1.1.1 | 35.00 | NOTE | |||
r-oldrel-windows-x86_64 | 1.1.1 | 10.00 | 81.00 | 91.00 | OK |
Version: 1.1.1
Check: package dependencies
Result: ERROR
Packages required but not available: 'Biostrings', 'DECIPHER'
See section ‘The DESCRIPTION file’ in the ‘Writing R Extensions’
manual.
Flavor: r-devel-linux-x86_64-debian-clang
Version: 1.1.1
Check: dependencies in R code
Result: NOTE
Namespaces in Imports field not imported from:
‘Biostrings’ ‘DECIPHER’ ‘ggplot2’ ‘reshape2’ ‘usethis’
All declared Imports should be used.
Flavors: r-devel-linux-x86_64-fedora-clang, r-devel-linux-x86_64-fedora-gcc, r-oldrel-macos-arm64