Last updated on 2023-03-30 21:49:51 CEST.
Flavor | Version | Tinstall | Tcheck | Ttotal | Status | Flags |
---|---|---|---|---|---|---|
r-devel-linux-x86_64-debian-clang | 1.3.2 | 10.67 | 92.62 | 103.29 | OK | |
r-devel-linux-x86_64-debian-gcc | 1.3.2 | 5.61 | 71.07 | 76.68 | OK | |
r-devel-linux-x86_64-fedora-clang | 1.3.2 | 134.24 | NOTE | |||
r-devel-linux-x86_64-fedora-gcc | 1.3.2 | 133.28 | OK | |||
r-devel-windows-x86_64 | 1.3.2 | 19.00 | 0.00 | 19.00 | OK | |
r-patched-linux-x86_64 | 1.3.2 | 8.64 | 89.32 | 97.96 | OK | |
r-release-linux-x86_64 | 1.3.2 | 8.74 | 88.33 | 97.07 | OK | |
r-release-macos-arm64 | 1.3.2 | 37.00 | OK | |||
r-release-macos-x86_64 | 1.3.2 | 49.00 | OK | |||
r-release-windows-x86_64 | 1.3.2 | 18.00 | 121.00 | 139.00 | OK | |
r-oldrel-macos-arm64 | 1.3.2 | 41.00 | OK | |||
r-oldrel-macos-x86_64 | 1.3.2 | 67.00 | OK | |||
r-oldrel-windows-ix86+x86_64 | 1.3.2 | 20.00 | 111.00 | 131.00 | OK |
Version: 1.3.2
Check: Rd cross-references
Result: NOTE
Undeclared packages ‘Kendall’, ‘geoR’ in Rd xrefs
Flavor: r-devel-linux-x86_64-fedora-clang