Last updated on 2022-05-24 06:50:39 CEST.
Flavor | Version | Tinstall | Tcheck | Ttotal | Status | Flags |
---|---|---|---|---|---|---|
r-devel-linux-x86_64-debian-clang | 0.5.1 | 5.47 | 94.33 | 99.80 | NOTE | |
r-devel-linux-x86_64-debian-gcc | 0.5.1 | 3.22 | 70.22 | 73.44 | NOTE | |
r-devel-linux-x86_64-fedora-clang | 0.5.1 | 113.99 | NOTE | |||
r-devel-linux-x86_64-fedora-gcc | 0.5.1 | 111.65 | NOTE | |||
r-devel-windows-x86_64 | 0.5.1 | 154.00 | 139.00 | 293.00 | NOTE | |
r-patched-linux-x86_64 | 0.5.1 | 3.41 | 89.64 | 93.05 | NOTE | |
r-release-linux-x86_64 | 0.5.1 | NOTE | ||||
r-release-macos-arm64 | 0.5.1 | 64.00 | NOTE | |||
r-release-macos-x86_64 | 0.5.1 | 82.00 | NOTE | |||
r-release-windows-x86_64 | 0.5.1 | 105.00 | 142.00 | 247.00 | NOTE | |
r-oldrel-macos-arm64 | 0.5.1 | 71.00 | NOTE | |||
r-oldrel-macos-x86_64 | 0.5.1 | 93.00 | NOTE | |||
r-oldrel-windows-ix86+x86_64 | 0.5.1 | 15.00 | 134.00 | 149.00 | NOTE |
Version: 0.5.1
Check: LazyData
Result: NOTE
'LazyData' is specified without a 'data' directory
Flavors: r-devel-linux-x86_64-debian-clang, r-devel-linux-x86_64-debian-gcc, r-devel-linux-x86_64-fedora-clang, r-devel-linux-x86_64-fedora-gcc, r-devel-windows-x86_64, r-patched-linux-x86_64, r-release-linux-x86_64, r-release-macos-arm64, r-release-macos-x86_64, r-release-windows-x86_64, r-oldrel-macos-arm64, r-oldrel-macos-x86_64, r-oldrel-windows-ix86+x86_64