CRAN Package Check Results for Package emdist

Last updated on 2022-05-26 12:53:37 CEST.

Flavor Version Tinstall Tcheck Ttotal Status Flags
r-devel-linux-x86_64-debian-clang 0.3-2 2.81 28.62 31.43 OK
r-devel-linux-x86_64-debian-gcc 0.3-2 2.66 24.88 27.54 WARN
r-devel-linux-x86_64-fedora-clang 0.3-2 39.88 NOTE
r-devel-linux-x86_64-fedora-gcc 0.3-2 38.82 NOTE
r-devel-windows-x86_64 0.3-2 11.00 44.00 55.00 OK
r-patched-linux-x86_64 0.3-2 2.68 28.30 30.98 OK
r-release-linux-x86_64 0.3-2 OK
r-release-macos-arm64 0.3-2 15.00 OK
r-release-macos-x86_64 0.3-2 19.00 OK
r-release-windows-x86_64 0.3-2 8.00 42.00 50.00 OK
r-oldrel-macos-arm64 0.3-2 16.00 OK
r-oldrel-macos-x86_64 0.3-2 25.00 OK
r-oldrel-windows-ix86+x86_64 0.3-2 9.00 38.00 47.00 OK

Check Details

Version: 0.3-2
Check: whether package can be installed
Result: WARN
    Found the following significant warnings:
     emd-rubner.c:810:20: warning: ‘minI’ is used uninitialized [-Wuninitialized]
     emd-rubner.c:810:26: warning: ‘minJ’ is used uninitialized [-Wuninitialized]
Flavor: r-devel-linux-x86_64-debian-gcc

Version: 0.3-2
Check: compiled code
Result: NOTE
    File ‘emdist/libs/emdist.so’:
     Found no calls to: ‘R_registerRoutines’, ‘R_useDynamicSymbols’
    
    It is good practice to register native routines and to disable symbol
    search.
    
    See ‘Writing portable packages’ in the ‘Writing R Extensions’ manual.
Flavors: r-devel-linux-x86_64-fedora-clang, r-devel-linux-x86_64-fedora-gcc