CRAN Package Check Results for Package emdist

Last updated on 2020-04-04 12:49:03 CEST.

Flavor Version Tinstall Tcheck Ttotal Status Flags
r-devel-linux-x86_64-debian-clang 0.3-1 3.38 16.88 20.26 NOTE
r-devel-linux-x86_64-debian-gcc 0.3-1 2.14 13.61 15.75 NOTE
r-devel-linux-x86_64-fedora-clang 0.3-1 25.72 NOTE
r-devel-linux-x86_64-fedora-gcc 0.3-1 24.82 NOTE
r-devel-windows-ix86+x86_64 0.3-1 9.00 49.00 58.00 OK
r-devel-windows-ix86+x86_64-gcc8 0.3-1 10.00 34.00 44.00 OK
r-patched-linux-x86_64 0.3-1 2.67 16.72 19.39 NOTE
r-patched-solaris-x86 0.3-1 40.00 NOTE
r-release-linux-x86_64 0.3-1 2.42 15.68 18.10 NOTE
r-release-windows-ix86+x86_64 0.3-1 8.00 48.00 56.00 OK
r-release-osx-x86_64 0.3-1 NOTE
r-oldrel-windows-ix86+x86_64 0.3-1 6.00 31.00 37.00 OK
r-oldrel-osx-x86_64 0.3-1 NOTE

Additional issues

rchk

Check Details

Version: 0.3-1
Check: DESCRIPTION meta-information
Result: NOTE
    License components which are templates and need '+ file LICENSE':
     MIT
Flavors: r-devel-linux-x86_64-debian-clang, r-devel-linux-x86_64-debian-gcc, r-devel-linux-x86_64-fedora-clang, r-devel-linux-x86_64-fedora-gcc, r-patched-linux-x86_64, r-patched-solaris-x86, r-release-linux-x86_64, r-release-osx-x86_64, r-oldrel-osx-x86_64

Version: 0.3-1
Check: compiled code
Result: NOTE
    File ‘emdist/libs/emdist.so’:
     Found no calls to: ‘R_registerRoutines’, ‘R_useDynamicSymbols’
    
    It is good practice to register native routines and to disable symbol
    search.
    
    See ‘Writing portable packages’ in the ‘Writing R Extensions’ manual.
Flavors: r-devel-linux-x86_64-fedora-clang, r-devel-linux-x86_64-fedora-gcc