Last updated on 2023-03-31 03:52:27 CEST.
Flavor | Version | Tinstall | Tcheck | Ttotal | Status | Flags |
---|---|---|---|---|---|---|
r-devel-linux-x86_64-debian-clang | 1.3.12 | 9.98 | 100.84 | 110.82 | OK | |
r-devel-linux-x86_64-debian-gcc | 1.3.12 | 8.57 | 77.49 | 86.06 | OK | |
r-devel-linux-x86_64-fedora-clang | 1.3.12 | 145.24 | NOTE | |||
r-devel-linux-x86_64-fedora-gcc | 1.3.12 | 141.84 | OK | |||
r-devel-windows-x86_64 | 1.3.12 | 28.00 | 137.00 | 165.00 | OK | |
r-patched-linux-x86_64 | 1.3.12 | 16.45 | 97.59 | 114.04 | OK | |
r-release-linux-x86_64 | 1.3.12 | 10.91 | 96.59 | 107.50 | OK | |
r-release-macos-arm64 | 1.3.12 | 35.00 | OK | |||
r-release-macos-x86_64 | 1.3.12 | 55.00 | NOTE | |||
r-release-windows-x86_64 | 1.3.12 | 29.00 | 145.00 | 174.00 | OK | |
r-oldrel-macos-arm64 | 1.3.12 | 46.00 | NOTE | |||
r-oldrel-macos-x86_64 | 1.3.12 | 78.00 | OK | |||
r-oldrel-windows-ix86+x86_64 | 1.3.12 | 25.00 | 116.00 | 141.00 | OK |
Version: 1.3.12
Check: Rd cross-references
Result: NOTE
Undeclared package ‘mvtnorm’ in Rd xrefs
Flavor: r-devel-linux-x86_64-fedora-clang
Version: 1.3.12
Check: package dependencies
Result: NOTE
Package suggested but not available for checking: ‘R2jags’
Flavors: r-release-macos-x86_64, r-oldrel-macos-arm64