Last updated on 2023-12-05 12:50:06 CET.
Flavor | Version | Tinstall | Tcheck | Ttotal | Status | Flags |
---|---|---|---|---|---|---|
r-devel-linux-x86_64-debian-clang | 1.0.0 | 84.02 | 391.02 | 475.04 | NOTE | |
r-devel-linux-x86_64-debian-gcc | 1.0.0 | 62.86 | 568.21 | 631.07 | NOTE | |
r-devel-linux-x86_64-fedora-clang | 1.0.0 | 522.05 | NOTE | |||
r-devel-linux-x86_64-fedora-gcc | 1.0.0 | 655.35 | NOTE | |||
r-devel-windows-x86_64 | 1.0.0 | 71.00 | 270.00 | 341.00 | NOTE | |
r-patched-linux-x86_64 | 1.0.0 | 72.88 | 511.60 | 584.48 | NOTE | |
r-release-linux-x86_64 | 1.0.0 | 69.49 | 649.41 | 718.90 | NOTE | |
r-release-macos-arm64 | 1.0.0 | 132.00 | NOTE | |||
r-release-macos-x86_64 | 1.0.0 | 215.00 | NOTE | |||
r-release-windows-x86_64 | 1.0.0 | 89.00 | 278.00 | 367.00 | NOTE | |
r-oldrel-macos-arm64 | 1.0.0 | 99.00 | OK | |||
r-oldrel-macos-x86_64 | 1.0.0 | 147.00 | OK | |||
r-oldrel-windows-x86_64 | 1.0.0 | 84.00 | 268.00 | 352.00 | OK |
Version: 1.0.0
Check: C++ specification
Result: NOTE
Specified C++11: please drop specification unless essential
Flavors: r-devel-linux-x86_64-debian-clang, r-devel-linux-x86_64-debian-gcc, r-devel-linux-x86_64-fedora-clang, r-devel-linux-x86_64-fedora-gcc, r-devel-windows-x86_64, r-patched-linux-x86_64, r-release-linux-x86_64, r-release-macos-arm64, r-release-macos-x86_64, r-release-windows-x86_64
Version: 1.0.0
Check: Rd files
Result: NOTE
checkRd: (-1) em.Rd:25: Lost braces
25 | \code{terms} the code{terms} object used.
| ^
checkRd: (-1) em.clogit.Rd:65: Lost braces
65 | \code{terms} the code{terms} object used.
| ^
checkRd: (-1) em.default.Rd:65: Lost braces
65 | \code{terms} the code{terms} object used.
| ^
checkRd: (-1) em.fitdist.Rd:49: Lost braces
49 | \code{terms} the code{terms} object used.
| ^
checkRd: (-1) em.glmerMod.Rd:50: Lost braces
50 | \code{terms} the code{terms} object used.
| ^
checkRd: (-1) em.panelmodel.Rd:49: Lost braces
49 | \code{terms} the code{terms} object used.
| ^
Flavors: r-devel-linux-x86_64-debian-clang, r-devel-linux-x86_64-debian-gcc