Last updated on 2022-05-16 21:50:19 CEST.
Flavor | Version | Tinstall | Tcheck | Ttotal | Status | Flags |
---|---|---|---|---|---|---|
r-devel-linux-x86_64-debian-clang | 0.3.2 | 3.42 | 40.93 | 44.35 | OK | |
r-devel-linux-x86_64-debian-gcc | 0.3.2 | 2.57 | 30.75 | 33.32 | OK | |
r-devel-linux-x86_64-fedora-clang | 0.3.2 | 53.15 | OK | |||
r-devel-linux-x86_64-fedora-gcc | 0.3.2 | 51.31 | OK | |||
r-devel-windows-x86_64 | 0.3.2 | 27.00 | 59.00 | 86.00 | OK | |
r-patched-linux-x86_64 | 0.3.2 | 2.59 | 37.97 | 40.56 | OK | |
r-release-linux-x86_64 | 0.3.2 | 3.46 | 38.26 | 41.72 | OK | |
r-release-macos-arm64 | 0.3.2 | 17.00 | OK | |||
r-release-macos-x86_64 | 0.3.2 | 28.00 | OK | |||
r-release-windows-x86_64 | 0.3.2 | 28.00 | 62.00 | 90.00 | OK | |
r-oldrel-macos-arm64 | 0.3.2 | 26.00 | OK | |||
r-oldrel-macos-x86_64 | 0.3.2 | 29.00 | OK | |||
r-oldrel-windows-ix86+x86_64 | 0.3.2 | 2.00 | 8.00 | 10.00 | ERROR |
Version: 0.3.2
Check: whether package can be installed
Result: ERROR
Installation failed.
Flavor: r-oldrel-windows-ix86+x86_64