Last updated on 2025-02-05 03:49:22 CET.
Flavor | Version | Tinstall | Tcheck | Ttotal | Status | Flags |
---|---|---|---|---|---|---|
r-devel-linux-x86_64-debian-clang | 2.0.0 | 53.64 | 79.57 | 133.21 | NOTE | |
r-devel-linux-x86_64-debian-gcc | 2.0.0 | 41.10 | 48.11 | 89.21 | NOTE | |
r-devel-linux-x86_64-fedora-clang | 2.0.0 | 237.52 | OK | |||
r-devel-linux-x86_64-fedora-gcc | 2.0.0 | 247.91 | OK | |||
r-devel-windows-x86_64 | 2.0.0 | 60.00 | 125.00 | 185.00 | NOTE | |
r-patched-linux-x86_64 | 2.0.0 | 66.93 | 73.51 | 140.44 | OK | |
r-release-linux-x86_64 | 2.0.0 | 56.41 | 71.49 | 127.90 | OK | |
r-release-macos-arm64 | 2.0.0 | 52.00 | NOTE | |||
r-release-macos-x86_64 | 2.0.0 | 75.00 | NOTE | |||
r-release-windows-x86_64 | 2.0.0 | 61.00 | 117.00 | 178.00 | OK | |
r-oldrel-macos-arm64 | 2.0.0 | 66.00 | NOTE | |||
r-oldrel-macos-x86_64 | 2.0.0 | 115.00 | NOTE | |||
r-oldrel-windows-x86_64 | 2.0.0 | 75.00 | 142.00 | 217.00 | OK |
Version: 2.0.0
Check: Rd cross-references
Result: NOTE
Found the following Rd file(s) with Rd \link{} targets missing package
anchors:
dirichlet_tree.Rd: R6Class
Please provide package anchors for all Rd \link{} targets not in the
package itself and the base packages.
Flavors: r-devel-linux-x86_64-debian-clang, r-devel-linux-x86_64-debian-gcc, r-devel-windows-x86_64
Version: 2.0.0
Check: installed package size
Result: NOTE
installed size is 9.1Mb
sub-directories of 1Mb or more:
libs 9.0Mb
Flavors: r-release-macos-arm64, r-release-macos-x86_64, r-oldrel-macos-arm64, r-oldrel-macos-x86_64