Last updated on 2023-12-05 12:50:06 CET.
Flavor | Version | Tinstall | Tcheck | Ttotal | Status | Flags |
---|---|---|---|---|---|---|
r-devel-linux-x86_64-debian-clang | 1.2.0 | 8.89 | 51.97 | 60.86 | NOTE | |
r-devel-linux-x86_64-debian-gcc | 1.2.0 | 6.81 | 39.35 | 46.16 | NOTE | |
r-devel-linux-x86_64-fedora-clang | 1.2.0 | 73.66 | OK | |||
r-devel-linux-x86_64-fedora-gcc | 1.2.0 | 72.09 | OK | |||
r-devel-windows-x86_64 | 1.2.0 | 8.00 | 70.00 | 78.00 | OK | |
r-patched-linux-x86_64 | 1.2.0 | 8.39 | 50.60 | 58.99 | OK | |
r-release-linux-x86_64 | 1.2.0 | 7.91 | 50.70 | 58.61 | OK | |
r-release-macos-arm64 | 1.2.0 | 28.00 | OK | |||
r-release-macos-x86_64 | 1.2.0 | 36.00 | OK | |||
r-release-windows-x86_64 | 1.2.0 | 10.00 | 75.00 | 85.00 | OK | |
r-oldrel-macos-arm64 | 1.2.0 | 24.00 | OK | |||
r-oldrel-macos-x86_64 | 1.2.0 | 33.00 | OK | |||
r-oldrel-windows-x86_64 | 1.2.0 | 10.00 | 63.00 | 73.00 | OK |
Version: 1.2.0
Check: Rd files
Result: NOTE
checkRd: (-1) docs_delete_by_query.Rd:47: Lost braces; missing escapes or markup?
47 | as a document at .tasks/task/${taskId}. This is yours to keep or remove
| ^
checkRd: (-1) docs_update_by_query.Rd:48: Lost braces; missing escapes or markup?
48 | as a document at .tasks/task/${taskId}. This is yours to keep or remove
| ^
Flavors: r-devel-linux-x86_64-debian-clang, r-devel-linux-x86_64-debian-gcc