Last updated on 2023-12-05 04:08:10 CET.
Flavor | Version | Tinstall | Tcheck | Ttotal | Status | Flags |
---|---|---|---|---|---|---|
r-devel-linux-x86_64-debian-clang | 0.1.7 | 14.34 | 174.09 | 188.43 | NOTE | |
r-devel-linux-x86_64-debian-gcc | 0.1.7 | 11.85 | 130.64 | 142.49 | NOTE | |
r-devel-linux-x86_64-fedora-clang | 0.1.7 | 230.36 | OK | |||
r-devel-linux-x86_64-fedora-gcc | 0.1.7 | 239.10 | OK | |||
r-devel-windows-x86_64 | 0.1.7 | 14.00 | 133.00 | 147.00 | OK | |
r-patched-linux-x86_64 | 0.1.7 | 14.62 | 167.06 | 181.68 | OK | |
r-release-linux-x86_64 | 0.1.7 | 13.15 | 168.99 | 182.14 | OK | |
r-release-macos-arm64 | 0.1.7 | 80.00 | OK | |||
r-release-macos-x86_64 | 0.1.7 | 143.00 | OK | |||
r-release-windows-x86_64 | 0.1.7 | 16.00 | 164.00 | 180.00 | OK | |
r-oldrel-macos-arm64 | 0.1.7 | 71.00 | OK | |||
r-oldrel-macos-x86_64 | 0.1.7 | 95.00 | OK | |||
r-oldrel-windows-x86_64 | 0.1.7 | 19.00 | 168.00 | 187.00 | OK |
Version: 0.1.7
Check: Rd files
Result: NOTE
checkRd: (-1) fit_mean.Rd:54: Lost braces
54 | \code{t_optims}{optimal parametrizations}
| ^
checkRd: (-1) fit_mean.Rd:55: Lost braces
55 | \code{G_optims}{optimal rotations}
| ^
checkRd: (-1) fit_mean.Rd:56: Lost braces
56 | \code{b_optims}{optimal scalings}
| ^
checkRd: (-1) fit_mean.Rd:57: Lost braces
57 | \code{n_optims}{optimal re-normalization}
| ^
checkRd: (-1) fit_mean.Rd:58: Lost braces
58 | \code{n_iter}{number of iterations until convergence}
| ^
Flavors: r-devel-linux-x86_64-debian-clang, r-devel-linux-x86_64-debian-gcc