Last updated on 2024-03-29 04:05:51 CET.
Flavor | Version | Tinstall | Tcheck | Ttotal | Status | Flags |
---|---|---|---|---|---|---|
r-devel-linux-x86_64-debian-clang | 0.5 | 14.13 | 136.59 | 150.72 | OK | |
r-devel-linux-x86_64-debian-gcc | 0.5 | 9.00 | 102.06 | 111.06 | OK | |
r-devel-linux-x86_64-fedora-clang | 0.5 | 200.18 | NOTE | |||
r-devel-linux-x86_64-fedora-gcc | 0.5 | 206.17 | OK | |||
r-devel-windows-x86_64 | 0.5 | 12.00 | 120.00 | 132.00 | OK | |
r-patched-linux-x86_64 | 0.5 | 10.76 | 128.74 | 139.50 | OK | |
r-release-linux-x86_64 | 0.5 | 8.62 | 133.18 | 141.80 | OK | |
r-release-macos-arm64 | 0.5 | 68.00 | OK | |||
r-release-macos-x86_64 | 0.5 | 102.00 | NOTE | |||
r-release-windows-x86_64 | 0.5 | 16.00 | 146.00 | 162.00 | OK | |
r-oldrel-macos-arm64 | 0.5 | 60.00 | OK | |||
r-oldrel-windows-x86_64 | 0.5 | 17.00 | 148.00 | 165.00 | OK |
Version: 0.5
Check: Rd cross-references
Result: NOTE
Undeclared package ‘eRm’ in Rd xrefs
Flavor: r-devel-linux-x86_64-fedora-clang
Version: 0.5
Check: Rd cross-references
Result: NOTE
Package unavailable to check Rd xrefs: ‘eRm’
Flavor: r-release-macos-x86_64