Last updated on 2023-03-22 21:57:58 CET.
Flavor | Version | Tinstall | Tcheck | Ttotal | Status | Flags |
---|---|---|---|---|---|---|
r-devel-linux-x86_64-debian-clang | 0.2.2 | 133.97 | 30.44 | 164.41 | NOTE | |
r-devel-linux-x86_64-debian-gcc | 0.2.2 | 114.28 | 29.40 | 143.68 | NOTE | |
r-devel-linux-x86_64-fedora-clang | 0.2.2 | 210.65 | NOTE | |||
r-devel-linux-x86_64-fedora-gcc | 0.2.2 | 265.42 | NOTE | |||
r-devel-windows-x86_64 | 0.2.2 | 116.00 | 100.00 | 216.00 | NOTE | |
r-patched-linux-x86_64 | 0.2.2 | 125.54 | 35.62 | 161.16 | OK | |
r-release-linux-x86_64 | 0.2.2 | 130.80 | 35.67 | 166.47 | OK | |
r-release-macos-arm64 | 0.2.2 | 65.00 | NOTE | |||
r-release-macos-x86_64 | 0.2.2 | 83.00 | NOTE | |||
r-release-windows-x86_64 | 0.2.2 | 115.00 | 95.00 | 210.00 | OK | |
r-oldrel-macos-arm64 | 0.2.2 | 68.00 | NOTE | |||
r-oldrel-macos-x86_64 | 0.2.2 | 93.00 | NOTE | |||
r-oldrel-windows-ix86+x86_64 | 0.2.2 | 288.00 | 90.00 | 378.00 | OK |
Version: 0.2.2
Check: C++ specification
Result: NOTE
Specified C++14: please drop specification unless essential
Flavors: r-devel-linux-x86_64-debian-clang, r-devel-linux-x86_64-debian-gcc, r-devel-linux-x86_64-fedora-clang, r-devel-linux-x86_64-fedora-gcc
Version: 0.2.2
Check: C++ specification
Result: NOTE
Specified C++11: please drop specification unless essential
Flavor: r-devel-windows-x86_64
Version: 0.2.2
Check: installed package size
Result: NOTE
installed size is 47.2Mb
sub-directories of 1Mb or more:
libs 46.2Mb
Flavors: r-release-macos-arm64, r-release-macos-x86_64, r-oldrel-macos-arm64, r-oldrel-macos-x86_64