CRAN Package Check Results for Package eimpute

Last updated on 2024-03-01 21:49:29 CET.

Flavor Version Tinstall Tcheck Ttotal Status Flags
r-devel-linux-x86_64-debian-clang 0.2.3 134.76 34.41 169.17 OK
r-devel-linux-x86_64-debian-gcc 0.2.3 140.25 33.10 173.35 OK
r-devel-linux-x86_64-fedora-clang 0.2.3 219.69 OK
r-devel-linux-x86_64-fedora-gcc 0.2.3 309.77 OK
r-devel-windows-x86_64 0.2.3 100.00 85.00 185.00 OK
r-patched-linux-x86_64 0.2.3 142.83 39.47 182.30 OK
r-release-linux-x86_64 0.2.3 153.84 42.03 195.87 OK
r-release-macos-arm64 0.2.3 95.00 NOTE
r-release-macos-x86_64 0.2.3 149.00 NOTE
r-release-windows-x86_64 0.2.3 145.00 92.00 237.00 OK
r-oldrel-macos-arm64 0.2.3 81.00 NOTE
r-oldrel-windows-x86_64 0.2.3 117.00 82.00 199.00 OK

Check Details

Version: 0.2.3
Check: installed package size
Result: NOTE installed size is 43.1Mb sub-directories of 1Mb or more: libs 42.2Mb Flavors: r-release-macos-arm64, r-release-macos-x86_64, r-oldrel-macos-arm64