Last updated on 2024-04-30 21:50:09 CEST.
Flavor | Version | Tinstall | Tcheck | Ttotal | Status | Flags |
---|---|---|---|---|---|---|
r-devel-linux-x86_64-debian-clang | 1.0.5 | 12.86 | 56.18 | 69.04 | OK | |
r-devel-linux-x86_64-debian-gcc | 1.0.5 | 13.03 | 43.16 | 56.19 | OK | |
r-devel-linux-x86_64-fedora-clang | 1.0.5 | 95.72 | NOTE | |||
r-devel-linux-x86_64-fedora-gcc | 1.0.5 | 88.64 | NOTE | |||
r-devel-windows-x86_64 | 1.0.5 | 17.00 | 64.00 | 81.00 | OK | |
r-patched-linux-x86_64 | 1.0.5 | 12.29 | 53.57 | 65.86 | OK | |
r-release-linux-x86_64 | 1.0.5 | 15.15 | 55.03 | 70.18 | OK | |
r-release-macos-arm64 | 1.0.5 | 35.00 | OK | |||
r-release-windows-x86_64 | 1.0.5 | 20.00 | 62.00 | 82.00 | OK | |
r-oldrel-macos-arm64 | 1.0.5 | 33.00 | OK | |||
r-oldrel-macos-x86_64 | 1.0.5 | 50.00 | OK | |||
r-oldrel-windows-x86_64 | 1.0.5 | 19.00 | 70.00 | 89.00 | OK |
Version: 1.0.5
Check: data for non-ASCII characters
Result: NOTE
Note: found 1 marked UTF-8 string
Flavors: r-devel-linux-x86_64-fedora-clang, r-devel-linux-x86_64-fedora-gcc