CRAN Package Check Results for Package eiCircles

Last updated on 2024-06-12 21:49:43 CEST.

Flavor Version Tinstall Tcheck Ttotal Status Flags
r-devel-linux-x86_64-debian-clang 0.0.1-7 4.95 68.89 73.84 OK
r-devel-linux-x86_64-debian-gcc 0.0.1-7 3.99 36.43 40.42 ERROR
r-devel-linux-x86_64-fedora-clang 0.0.1-7 88.83 OK
r-devel-linux-x86_64-fedora-gcc 0.0.1-7 83.54 OK
r-devel-windows-x86_64 0.0.1-7 5.00 63.00 68.00 OK
r-patched-linux-x86_64 0.0.1-7 5.87 66.48 72.35 OK
r-release-linux-x86_64 0.0.1-7 4.15 65.72 69.87 OK
r-release-macos-arm64 0.0.1-7 27.00 OK
r-release-macos-x86_64 0.0.1-7 57.00 OK
r-release-windows-x86_64 0.0.1-7 5.00 64.00 69.00 OK
r-oldrel-macos-arm64 0.0.1-7 40.00 OK
r-oldrel-macos-x86_64 0.0.1-7 73.00 OK
r-oldrel-windows-x86_64 0.0.1-7 5.00 74.00 79.00 OK

Check Details

Version: 0.0.1-7
Check: package dependencies
Result: NOTE Package suggested but not available for checking: ‘ggplot2’ Flavor: r-devel-linux-x86_64-debian-gcc

Version: 0.0.1-7
Check: examples
Result: ERROR Running examples in ‘eiCircles-Ex.R’ failed The error most likely occurred in: > base::assign(".ptime", proc.time(), pos = "CheckExEnv") > ### Name: plot.BPF > ### Title: Graphical representation of a RxC ecological inference (vote > ### transfer) matrix > ### Aliases: plot.BPF > > ### ** Examples > > votes1 <- structure(list(P1 = c(16L, 4L, 13L, 6L, 1L, 16L, 6L, 17L, 48L, 14L), + P2 = c(8L, 3L, 0L, 5L, 1L, 4L, 7L, 6L, 28L, 8L), + P3 = c(38L, 11L, 11L, 3L, 13L, 39L, 14L, 34L, 280L, 84L), + P4 = c(66L, 5L, 18L, 39L, 30L, 57L, 35L, 65L, 180L, 78L), + P5 = c(14L, 0L, 5L, 2L, 4L, 21L, 6L, 11L, 54L, 9L), + P6 = c(8L, 2L, 5L, 3L, 0L, 7L, 7L, 11L, 45L, 17L), + P7 = c(7L, 3L, 5L, 2L, 3L, 17L, 7L, 13L, 40L, 8L)), + row.names = c(NA, 10L), class = "data.frame") > votes2 <- structure(list(C1 = c(2L, 1L, 2L, 2L, 0L, 4L, 0L, 4L, 19L, 14L), + C2 = c(7L, 3L, 1L, 7L, 2L, 5L, 3L, 10L, 21L, 6L), + C3 = c(78L, 7L, 28L, 42L, 28L, 84L, 49L, 85L, 260L, 100L), + C4 = c(56L, 14L, 20L, 7L, 19L, 54L, 22L, 50L, 330L, 91L), + C5 = c(14L, 3L, 6L, 2L, 3L, 14L, 8L, 8L, 45L, 7L)), + row.names = c(NA, 10L), class = "data.frame") > example <- BPF(votes1, votes2) > p <- plot(example, show.plot = FALSE) Error: Package ggplot2 needed for this function to work. Please install it. Execution halted Examples with CPU (user + system) or elapsed time > 5s user system elapsed BPF 4.827 0.013 6.747 Flavor: r-devel-linux-x86_64-debian-gcc