Last updated on 2025-02-01 12:48:25 CET.
Flavor | Version | Tinstall | Tcheck | Ttotal | Status | Flags |
---|---|---|---|---|---|---|
r-devel-linux-x86_64-debian-clang | 4.2-2 | 15.01 | 170.08 | 185.09 | NOTE | |
r-devel-linux-x86_64-debian-gcc | 4.2-2 | 10.10 | 121.46 | 131.56 | NOTE | |
r-devel-linux-x86_64-fedora-clang | 4.2-2 | 301.40 | OK | |||
r-devel-linux-x86_64-fedora-gcc | 4.2-2 | 293.25 | OK | |||
r-devel-windows-x86_64 | 4.2-2 | 15.00 | 213.00 | 228.00 | NOTE | |
r-patched-linux-x86_64 | 4.2-2 | 17.23 | 158.44 | 175.67 | OK | |
r-release-linux-x86_64 | 4.2-2 | 12.80 | 161.43 | 174.23 | OK | |
r-release-macos-arm64 | 4.2-2 | 88.00 | OK | |||
r-release-macos-x86_64 | 4.2-2 | 223.00 | OK | |||
r-release-windows-x86_64 | 4.2-2 | 15.00 | 215.00 | 230.00 | OK | |
r-oldrel-macos-arm64 | 4.2-2 | 97.00 | OK | |||
r-oldrel-macos-x86_64 | 4.2-2 | 175.00 | OK | |||
r-oldrel-windows-x86_64 | 4.2-2 | 19.00 | 248.00 | 267.00 | OK |
Version: 4.2-2
Check: Rd cross-references
Result: NOTE
Found the following Rd file(s) with Rd \link{} targets missing package
anchors:
effCoef.Rd: get_parameters
effect.Rd: gls, multinom, polr, lmer, glmer, svyglm, xyplot,
densityplot, barchart
effectsTheme.Rd: trellis.device, trellis.par.set
plot.effect.Rd: sequential_hcl, lattice, xyplot, densityplot,
print.trellis
Please provide package anchors for all Rd \link{} targets not in the
package itself and the base packages.
Flavors: r-devel-linux-x86_64-debian-clang, r-devel-linux-x86_64-debian-gcc, r-devel-windows-x86_64