Last updated on 2024-04-26 20:51:54 CEST.
Flavor | Version | Tinstall | Tcheck | Ttotal | Status | Flags |
---|---|---|---|---|---|---|
r-devel-linux-x86_64-debian-clang | 1.2.0 | 93.63 | 89.66 | 183.29 | OK | |
r-devel-linux-x86_64-debian-gcc | 1.2.0 | 88.18 | 68.80 | 156.98 | OK | |
r-devel-linux-x86_64-fedora-clang | 1.2.0 | 224.70 | OK | |||
r-devel-linux-x86_64-fedora-gcc | 1.2.0 | 265.94 | OK | |||
r-devel-windows-x86_64 | 1.2.0 | 73.00 | 97.00 | 170.00 | NOTE | |
r-patched-linux-x86_64 | 1.2.0 | 105.22 | 90.05 | 195.27 | OK | |
r-release-linux-x86_64 | 1.2.0 | 101.26 | 91.65 | 192.91 | OK | |
r-release-macos-arm64 | 1.2.0 | 63.00 | NOTE | |||
r-release-windows-x86_64 | 1.2.0 | 76.00 | 97.00 | 173.00 | NOTE | |
r-oldrel-macos-arm64 | 1.2.0 | 74.00 | NOTE | |||
r-oldrel-macos-x86_64 | 1.2.0 | 111.00 | NOTE | |||
r-oldrel-windows-x86_64 | 1.2.0 | 91.00 | 121.00 | 212.00 | NOTE |
Version: 1.2.0
Check: installed package size
Result: NOTE
installed size is 12.6Mb
sub-directories of 1Mb or more:
libs 12.5Mb
Flavors: r-devel-windows-x86_64, r-release-macos-arm64, r-release-windows-x86_64, r-oldrel-macos-arm64, r-oldrel-macos-x86_64, r-oldrel-windows-x86_64