Last updated on 2024-03-28 12:50:32 CET.
Flavor | Version | Tinstall | Tcheck | Ttotal | Status | Flags |
---|---|---|---|---|---|---|
r-devel-linux-x86_64-debian-clang | 0.2.0 | 22.06 | 121.61 | 143.67 | NOTE | |
r-devel-linux-x86_64-debian-gcc | 0.2.0 | 15.07 | 89.19 | 104.26 | NOTE | |
r-devel-linux-x86_64-fedora-clang | 0.2.0 | 171.09 | NOTE | |||
r-devel-linux-x86_64-fedora-gcc | 0.2.0 | 167.33 | NOTE | |||
r-devel-windows-x86_64 | 0.2.0 | 20.00 | 101.00 | 121.00 | NOTE | |
r-patched-linux-x86_64 | 0.2.0 | 12.40 | 118.75 | 131.15 | NOTE | |
r-release-linux-x86_64 | 0.2.0 | 12.55 | 117.21 | 129.76 | OK | |
r-release-macos-arm64 | 0.2.0 | 54.00 | OK | |||
r-release-macos-x86_64 | 0.2.0 | 83.00 | OK | |||
r-release-windows-x86_64 | 0.2.0 | 26.00 | 125.00 | 151.00 | OK | |
r-oldrel-macos-arm64 | 0.2.0 | 44.00 | OK | |||
r-oldrel-windows-x86_64 | 0.2.0 | 25.00 | 122.00 | 147.00 | OK |
Version: 0.2.0
Check: Rd files
Result: NOTE
checkRd: (-1) edm2psd.Rd:10: Lost braces; missing escapes or markup?
10 | \item{D}{A matrix in the set D_{n}^{-}.}
| ^
checkRd: (-1) edm2psd.Rd:10: Lost braces; missing escapes or markup?
10 | \item{D}{A matrix in the set D_{n}^{-}.}
| ^
Flavors: r-devel-linux-x86_64-debian-clang, r-devel-linux-x86_64-debian-gcc, r-devel-linux-x86_64-fedora-clang, r-devel-linux-x86_64-fedora-gcc, r-devel-windows-x86_64, r-patched-linux-x86_64