Last updated on 2024-04-18 21:56:49 CEST.
Flavor | Version | Tinstall | Tcheck | Ttotal | Status | Flags |
---|---|---|---|---|---|---|
r-devel-linux-x86_64-debian-clang | 1.1 | 5.39 | 105.77 | 111.16 | OK | |
r-devel-linux-x86_64-debian-gcc | 1.1 | 3.39 | 74.47 | 77.86 | OK | |
r-devel-linux-x86_64-fedora-clang | 1.1 | 129.96 | NOTE | |||
r-devel-linux-x86_64-fedora-gcc | 1.1 | 133.97 | OK | |||
r-prerel-macos-arm64 | 1.1 | 38.00 | OK | |||
r-prerel-windows-x86_64 | 1.1 | 5.00 | 94.00 | 99.00 | OK | |
r-patched-linux-x86_64 | 1.1 | 6.39 | 100.05 | 106.44 | OK | |
r-release-linux-x86_64 | 1.1 | 4.55 | 95.60 | 100.15 | OK | |
r-release-macos-arm64 | 1.1 | 38.00 | OK | |||
r-release-macos-x86_64 | 1.1 | 72.00 | OK | |||
r-release-windows-x86_64 | 1.1 | 6.00 | 111.00 | 117.00 | OK | |
r-oldrel-macos-arm64 | 1.1 | 32.00 | OK | |||
r-oldrel-windows-x86_64 | 1.1 | 7.00 | 107.00 | 114.00 | OK |
Version: 1.1
Check: Rd cross-references
Result: NOTE
Undeclared package ‘ndl’ in Rd xrefs
Flavor: r-devel-linux-x86_64-fedora-clang