Last updated on 2025-05-01 12:49:27 CEST.
Flavor | Version | Tinstall | Tcheck | Ttotal | Status | Flags |
---|---|---|---|---|---|---|
r-devel-linux-x86_64-debian-clang | 2.9.5 | 8.90 | 67.42 | 76.32 | NOTE | |
r-devel-linux-x86_64-debian-gcc | 2.9.5 | 6.01 | 47.24 | 53.25 | NOTE | |
r-devel-linux-x86_64-fedora-clang | 2.9.5 | 120.43 | OK | |||
r-devel-linux-x86_64-fedora-gcc | 2.9.5 | 123.38 | OK | |||
r-devel-windows-x86_64 | 2.9.5 | 10.00 | 110.00 | 120.00 | NOTE | |
r-patched-linux-x86_64 | 2.9.5 | 9.73 | 62.83 | 72.56 | NOTE | |
r-release-linux-x86_64 | NOTE | |||||
r-release-macos-arm64 | 2.9.5 | 44.00 | OK | |||
r-release-macos-x86_64 | 2.9.5 | 89.00 | OK | |||
r-release-windows-x86_64 | 2.9.5 | 10.00 | 120.00 | 130.00 | NOTE | |
r-oldrel-macos-arm64 | 2.9.5 | 42.00 | OK | |||
r-oldrel-macos-x86_64 | 2.9.5 | 72.00 | OK | |||
r-oldrel-windows-x86_64 | 2.9.5 | 11.00 | 113.00 | 124.00 | OK |
Version: 2.9.5
Check: CRAN incoming feasibility
Result: NOTE
Maintainer: ‘Edwin de Jonge <edwindjonge@gmail.com>’
No Authors@R field in DESCRIPTION.
Please add one, modifying
Authors@R: c(person(given = "Edwin",
family = "de Jonge",
role = c("aut", "cre"),
email = "edwindjonge@gmail.com"),
person(given = "Mark",
family = "van der Loo",
role = "aut"))
as necessary.
Flavors: r-devel-linux-x86_64-debian-clang, r-devel-linux-x86_64-debian-gcc
Version: 2.9.5
Check: Rd cross-references
Result: NOTE
Found the following Rd file(s) with Rd \link{} targets missing package
anchors:
as.lp.mip.Rd: make.lp
editrules.plotting.Rd: as.igraph
editrules_package.Rd: as.igraph
Please provide package anchors for all Rd \link{} targets not in the
package itself and the base packages.
Flavors: r-devel-linux-x86_64-debian-clang, r-devel-linux-x86_64-debian-gcc, r-devel-windows-x86_64, r-patched-linux-x86_64, r-release-linux-x86_64, r-release-windows-x86_64