CRAN Package Check Results for Package editData

Last updated on 2022-06-25 12:54:22 CEST.

Flavor Version Tinstall Tcheck Ttotal Status Flags
r-devel-linux-x86_64-debian-clang 0.1.8 7.57 68.33 75.90 OK
r-devel-linux-x86_64-debian-gcc 0.1.8 6.61 51.77 58.38 OK
r-devel-linux-x86_64-fedora-clang 0.1.8 108.87 NOTE
r-devel-linux-x86_64-fedora-gcc 0.1.8 99.28 NOTE
r-devel-windows-x86_64 0.1.8 27.00 107.00 134.00 OK
r-patched-linux-x86_64 0.1.8 5.49 64.83 70.32 OK
r-release-linux-x86_64 0.1.8 5.27 63.71 68.98 OK
r-release-macos-arm64 0.1.8 29.00 NOTE
r-release-macos-x86_64 0.1.8 47.00 NOTE
r-release-windows-x86_64 0.1.8 22.00 108.00 130.00 OK
r-oldrel-macos-arm64 0.1.8 31.00 NOTE
r-oldrel-macos-x86_64 0.1.8 54.00 NOTE
r-oldrel-windows-ix86+x86_64 0.1.8 20.00 84.00 104.00 OK

Check Details

Version: 0.1.8
Check: dependencies in R code
Result: NOTE
    Namespaces in Imports field not imported from:
     ‘dplyr’ ‘magrittr’ ‘tibble’
     All declared Imports should be used.
Flavors: r-devel-linux-x86_64-fedora-clang, r-devel-linux-x86_64-fedora-gcc, r-release-macos-arm64, r-release-macos-x86_64, r-oldrel-macos-arm64, r-oldrel-macos-x86_64