CRAN Package Check Results for Package edgebundleR

Last updated on 2022-01-26 11:53:36 CET.

Flavor Version Tinstall Tcheck Ttotal Status Flags
r-devel-linux-x86_64-debian-clang 0.1.4 3.86 48.12 51.98 NOTE
r-devel-linux-x86_64-debian-gcc 0.1.4 2.79 37.63 40.42 NOTE
r-devel-linux-x86_64-fedora-clang 0.1.4 61.65 NOTE
r-devel-linux-x86_64-fedora-gcc 0.1.4 53.82 NOTE
r-devel-windows-x86_64-new-UL 0.1.4 36.00 68.00 104.00 NOTE
r-devel-windows-x86_64-new-TK 0.1.4 NOTE
r-patched-linux-x86_64 0.1.4 4.13 45.08 49.21 NOTE
r-release-linux-x86_64 0.1.4 3.23 44.66 47.89 NOTE
r-release-macos-arm64 0.1.4 NOTE
r-release-macos-x86_64 0.1.4 NOTE
r-release-windows-ix86+x86_64 0.1.4 10.00 60.00 70.00 NOTE
r-oldrel-macos-x86_64 0.1.4 OK
r-oldrel-windows-ix86+x86_64 0.1.4 10.00 55.00 65.00 OK

Check Details

Version: 0.1.4
Check: LazyData
Result: NOTE
     'LazyData' is specified without a 'data' directory
Flavors: r-devel-linux-x86_64-debian-clang, r-devel-linux-x86_64-debian-gcc, r-devel-linux-x86_64-fedora-clang, r-devel-linux-x86_64-fedora-gcc, r-devel-windows-x86_64-new-UL, r-devel-windows-x86_64-new-TK, r-patched-linux-x86_64, r-release-linux-x86_64, r-release-macos-arm64, r-release-macos-x86_64, r-release-windows-ix86+x86_64