CRAN Package Check Results for Package edfReader

Last updated on 2023-02-06 21:54:43 CET.

Flavor Version Tinstall Tcheck Ttotal Status Flags
r-devel-linux-x86_64-debian-clang 1.2.1 4.98 50.97 55.95 NOTE
r-devel-linux-x86_64-debian-gcc 1.2.1 3.89 38.14 42.03 NOTE
r-devel-linux-x86_64-fedora-clang 1.2.1 64.52 NOTE
r-devel-linux-x86_64-fedora-gcc 1.2.1 75.47 NOTE
r-devel-windows-x86_64 1.2.1 47.00 84.00 131.00 NOTE
r-patched-linux-x86_64 1.2.1 3.77 51.15 54.92 NOTE
r-release-linux-x86_64 1.2.1 4.72 51.84 56.56 NOTE
r-release-macos-arm64 1.2.1 22.00 NOTE
r-release-macos-x86_64 1.2.1 34.00 NOTE
r-release-windows-x86_64 1.2.1 107.00 93.00 200.00 NOTE
r-oldrel-macos-arm64 1.2.1 26.00 NOTE
r-oldrel-macos-x86_64 1.2.1 43.00 NOTE
r-oldrel-windows-ix86+x86_64 1.2.1 8.00 70.00 78.00 NOTE

Check Details

Version: 1.2.1
Check: LazyData
Result: NOTE
     'LazyData' is specified without a 'data' directory
Flavors: r-devel-linux-x86_64-debian-clang, r-devel-linux-x86_64-debian-gcc, r-devel-linux-x86_64-fedora-clang, r-devel-linux-x86_64-fedora-gcc, r-devel-windows-x86_64, r-patched-linux-x86_64, r-release-linux-x86_64, r-release-macos-arm64, r-release-macos-x86_64, r-release-windows-x86_64, r-oldrel-macos-arm64, r-oldrel-macos-x86_64, r-oldrel-windows-ix86+x86_64