CRAN Package Check Results for Package edfReader

Last updated on 2022-06-26 12:54:45 CEST.

Flavor Version Tinstall Tcheck Ttotal Status Flags
r-devel-linux-x86_64-debian-clang 1.2.1 4.52 52.34 56.86 NOTE
r-devel-linux-x86_64-debian-gcc 1.2.1 3.72 39.43 43.15 NOTE
r-devel-linux-x86_64-fedora-clang 1.2.1 84.24 NOTE
r-devel-linux-x86_64-fedora-gcc 1.2.1 75.80 NOTE
r-devel-windows-x86_64 1.2.1 78.00 79.00 157.00 NOTE
r-patched-linux-x86_64 1.2.1 3.81 50.98 54.79 NOTE
r-release-linux-x86_64 1.2.1 3.65 51.84 55.49 NOTE
r-release-macos-arm64 1.2.1 22.00 NOTE
r-release-macos-x86_64 1.2.1 34.00 NOTE
r-release-windows-x86_64 1.2.1 96.00 83.00 179.00 NOTE
r-oldrel-macos-arm64 1.2.1 26.00 NOTE
r-oldrel-macos-x86_64 1.2.1 43.00 NOTE
r-oldrel-windows-ix86+x86_64 1.2.1 10.00 59.00 69.00 NOTE

Check Details

Version: 1.2.1
Check: LazyData
Result: NOTE
     'LazyData' is specified without a 'data' directory
Flavors: r-devel-linux-x86_64-debian-clang, r-devel-linux-x86_64-debian-gcc, r-devel-linux-x86_64-fedora-clang, r-devel-linux-x86_64-fedora-gcc, r-devel-windows-x86_64, r-patched-linux-x86_64, r-release-linux-x86_64, r-release-macos-arm64, r-release-macos-x86_64, r-release-windows-x86_64, r-oldrel-macos-arm64, r-oldrel-macos-x86_64, r-oldrel-windows-ix86+x86_64