CRAN Package Check Results for Package ecr

Last updated on 2024-06-16 05:52:52 CEST.

Flavor Version Tinstall Tcheck Ttotal Status Flags
r-devel-linux-x86_64-debian-clang 2.1.1 35.41 203.69 239.10 NOTE
r-devel-linux-x86_64-debian-gcc 2.1.1 24.47 166.69 191.16 NOTE
r-devel-linux-x86_64-fedora-clang 2.1.1 306.82 NOTE
r-devel-linux-x86_64-fedora-gcc 2.1.1 298.67 NOTE
r-devel-windows-x86_64 2.1.1 34.00 214.00 248.00 NOTE
r-patched-linux-x86_64 2.1.1 32.07 192.11 224.18 NOTE
r-release-linux-x86_64 2.1.1 22.27 210.00 232.27 NOTE
r-release-macos-arm64 2.1.1 110.00 NOTE
r-release-macos-x86_64 2.1.1 208.00 NOTE
r-release-windows-x86_64 2.1.1 33.00 217.00 250.00 NOTE
r-oldrel-macos-arm64 2.1.1 124.00 OK
r-oldrel-macos-x86_64 2.1.1 192.00 OK
r-oldrel-windows-x86_64 2.1.1 43.00 266.00 309.00 OK

Check Details

Version: 2.1.1
Check: Rd files
Result: NOTE checkRd: (-1) transformFitness.Rd:25: Lost braces; missing escapes or markup? 25 | minimization (most others). This function computes a factor from {-1, 1} for | ^ Flavors: r-devel-linux-x86_64-debian-clang, r-devel-linux-x86_64-debian-gcc, r-devel-linux-x86_64-fedora-clang, r-devel-linux-x86_64-fedora-gcc, r-devel-windows-x86_64, r-patched-linux-x86_64, r-release-linux-x86_64, r-release-macos-arm64, r-release-macos-x86_64, r-release-windows-x86_64