CRAN Package Check Results for Package ecoval

Last updated on 2024-02-24 21:40:18 CET.

Flavor Version Tinstall Tcheck Ttotal Status Flags
r-devel-linux-x86_64-debian-clang 1.2.9 14.16 88.66 102.82 OK
r-devel-linux-x86_64-debian-gcc 1.2.9 12.79 66.29 79.08 OK
r-devel-linux-x86_64-fedora-clang 1.2.9 130.43 NOTE
r-devel-linux-x86_64-fedora-gcc 1.2.9 126.63 NOTE
r-devel-windows-x86_64 1.2.9 14.00 81.00 95.00 OK
r-patched-linux-x86_64 1.2.9 14.99 89.74 104.73 OK
r-release-linux-x86_64 1.2.9 18.03 88.09 106.12 OK
r-release-macos-arm64 1.2.9 34.00 OK
r-release-macos-x86_64 1.2.9 58.00 OK
r-release-windows-x86_64 1.2.9 13.00 96.00 109.00 OK
r-oldrel-macos-arm64 1.2.9 34.00 OK
r-oldrel-windows-x86_64 1.2.9 20.00 101.00 121.00 OK

Check Details

Version: 1.2.9
Check: data for non-ASCII characters
Result: NOTE Note: found 5 marked UTF-8 strings Flavors: r-devel-linux-x86_64-fedora-clang, r-devel-linux-x86_64-fedora-gcc