Last updated on 2022-05-18 21:53:14 CEST.
Flavor | Version | Tinstall | Tcheck | Ttotal | Status | Flags |
---|---|---|---|---|---|---|
r-devel-linux-x86_64-debian-clang | 3.2.2 | 64.08 | 593.24 | 657.32 | OK | |
r-devel-linux-x86_64-debian-gcc | 3.2.2 | 47.00 | 431.88 | 478.88 | OK | |
r-devel-linux-x86_64-fedora-clang | 3.2.2 | 755.20 | NOTE | |||
r-devel-linux-x86_64-fedora-gcc | 3.2.2 | 747.44 | OK | |||
r-devel-windows-x86_64 | 3.2.2 | 104.00 | 644.00 | 748.00 | OK | |
r-patched-linux-x86_64 | 3.2.2 | 65.10 | 559.62 | 624.72 | OK | |
r-release-linux-x86_64 | 3.2.2 | 55.69 | 555.44 | 611.13 | OK | |
r-release-macos-arm64 | 3.2.2 | 178.00 | OK | |||
r-release-macos-x86_64 | 3.2.2 | 259.00 | OK | |||
r-release-windows-x86_64 | 3.2.2 | 103.00 | 646.00 | 749.00 | OK | |
r-oldrel-macos-arm64 | 3.2.2 | 153.00 | OK | |||
r-oldrel-macos-x86_64 | 3.2.2 | 247.00 | OK | |||
r-oldrel-windows-ix86+x86_64 | 3.2.2 | 116.00 | 566.00 | 682.00 | OK |
Version: 3.2.2
Check: package dependencies
Result: NOTE
Imports includes 23 non-default packages.
Importing from so many packages makes the package vulnerable to any of
them becoming unavailable. Move as many as possible to Suggests and
use conditionally.
Flavor: r-devel-linux-x86_64-fedora-clang