CRAN Package Check Results for Package ecospat

Last updated on 2022-12-08 12:57:06 CET.

Flavor Version Tinstall Tcheck Ttotal Status Flags
r-devel-linux-x86_64-debian-clang 3.4 55.53 523.35 578.88 OK
r-devel-linux-x86_64-debian-gcc 3.4 47.24 411.21 458.45 OK
r-devel-linux-x86_64-fedora-clang 3.4 736.81 NOTE
r-devel-linux-x86_64-fedora-gcc 3.4 671.83 OK
r-devel-windows-x86_64 3.4 88.00 674.00 762.00 OK
r-patched-linux-x86_64 3.4 52.01 489.11 541.12 OK
r-release-linux-x86_64 3.4 35.91 509.82 545.73 OK
r-release-macos-arm64 3.4 172.00 OK
r-release-macos-x86_64 3.4 207.00 OK
r-release-windows-x86_64 3.4 104.00 616.00 720.00 OK
r-oldrel-macos-arm64 3.4 164.00 OK
r-oldrel-macos-x86_64 3.4 201.00 OK
r-oldrel-windows-ix86+x86_64 3.4 109.00 574.00 683.00 OK

Check Details

Version: 3.4
Check: package dependencies
Result: NOTE
    Imports includes 22 non-default packages.
    Importing from so many packages makes the package vulnerable to any of
    them becoming unavailable. Move as many as possible to Suggests and
    use conditionally.
Flavor: r-devel-linux-x86_64-fedora-clang