CRAN Package Check Results for Package ecolottery

Last updated on 2020-02-17 03:49:07 CET.

Flavor Version Tinstall Tcheck Ttotal Status Flags
r-devel-linux-x86_64-debian-clang 1.0.0 0.46 2.59 3.05 ERROR
r-devel-linux-x86_64-debian-gcc 1.0.0 0.25 1.79 2.04 ERROR
r-devel-linux-x86_64-fedora-clang 1.0.0 299.70 OK
r-devel-linux-x86_64-fedora-gcc 1.0.0 303.05 OK
r-devel-windows-ix86+x86_64 1.0.0 22.00 266.00 288.00 OK
r-devel-windows-ix86+x86_64-gcc8 1.0.0 28.00 347.00 375.00 OK
r-patched-linux-x86_64 1.0.0 9.41 211.07 220.48 OK
r-patched-solaris-x86 1.0.0 462.60 OK
r-release-linux-x86_64 1.0.0 9.88 214.91 224.79 OK
r-release-windows-ix86+x86_64 1.0.0 20.00 242.00 262.00 OK
r-release-osx-x86_64 1.0.0 OK
r-oldrel-windows-ix86+x86_64 1.0.0 14.00 246.00 260.00 OK
r-oldrel-osx-x86_64 1.0.0 OK

Check Details

Version: 1.0.0
Check: package dependencies
Result: ERROR
    Package required but not available: 'abc'
    
    See section 'The DESCRIPTION file' in the 'Writing R Extensions'
    manual.
Flavors: r-devel-linux-x86_64-debian-clang, r-devel-linux-x86_64-debian-gcc