CRAN Package Check Results for Package echor

Last updated on 2020-08-11 11:49:10 CEST.

Flavor Version Tinstall Tcheck Ttotal Status Flags
r-devel-linux-x86_64-debian-clang 0.1.5 5.75 72.50 78.25 OK
r-devel-linux-x86_64-debian-gcc 0.1.5 4.82 56.09 60.91 OK
r-devel-linux-x86_64-fedora-clang 0.1.5 99.96 OK
r-devel-linux-x86_64-fedora-gcc 0.1.5 90.25 OK
r-devel-windows-ix86+x86_64 0.1.5 26.00 135.00 161.00 OK
r-patched-linux-x86_64 0.1.5 5.52 70.69 76.21 OK
r-patched-solaris-x86 0.1.5 163.40 OK
r-release-linux-x86_64 0.1.5 0.78 2.54 3.32 ERROR
r-release-macos-x86_64 0.1.5 OK
r-release-windows-ix86+x86_64 0.1.5 25.00 135.00 160.00 OK
r-oldrel-macos-x86_64 0.1.5 OK
r-oldrel-windows-ix86+x86_64 0.1.5 10.00 96.00 106.00 OK

Check Details

Version: 0.1.5
Check: package dependencies
Result: ERROR
    Package required but not available: ‘tidyr’
    
    Package suggested but not available for checking: ‘ggspatial’
    
    See section ‘The DESCRIPTION file’ in the ‘Writing R Extensions’
    manual.
Flavor: r-release-linux-x86_64