Last updated on 2022-08-10 06:52:54 CEST.
Flavor | Version | Tinstall | Tcheck | Ttotal | Status | Flags |
---|---|---|---|---|---|---|
r-devel-linux-x86_64-debian-clang | 0.1.2.0 | 43.66 | 417.56 | 461.22 | OK | |
r-devel-linux-x86_64-debian-gcc | 0.1.2.0 | 38.23 | 300.79 | 339.02 | OK | |
r-devel-linux-x86_64-fedora-clang | 0.1.2.0 | 565.45 | NOTE | |||
r-devel-linux-x86_64-fedora-gcc | 0.1.2.0 | 544.31 | NOTE | |||
r-devel-windows-x86_64 | 0.1.2.0 | 66.00 | 413.00 | 479.00 | OK | |
r-patched-linux-x86_64 | 0.1.2.0 | 38.52 | 386.08 | 424.60 | OK | |
r-release-linux-x86_64 | 0.1.2.0 | OK | ||||
r-release-macos-arm64 | 0.1.2.0 | 120.00 | NOTE | |||
r-release-macos-x86_64 | 0.1.2.0 | 227.00 | NOTE | |||
r-release-windows-x86_64 | 0.1.2.0 | 69.00 | 406.00 | 475.00 | OK | |
r-oldrel-macos-arm64 | 0.1.2.0 | 120.00 | NOTE | |||
r-oldrel-macos-x86_64 | 0.1.2.0 | 162.00 | NOTE | |||
r-oldrel-windows-ix86+x86_64 | 0.1.2.0 | 102.00 | 414.00 | 516.00 | OK |
Version: 0.1.2.0
Check: data for non-ASCII characters
Result: NOTE
Note: found 1409 marked UTF-8 strings
Flavors: r-devel-linux-x86_64-fedora-clang, r-devel-linux-x86_64-fedora-gcc, r-release-macos-arm64, r-release-macos-x86_64, r-oldrel-macos-arm64, r-oldrel-macos-x86_64