CRAN Package Check Results for Package ebal

Last updated on 2020-07-03 03:47:06 CEST.

Flavor Version Tinstall Tcheck Ttotal Status Flags
r-devel-linux-x86_64-debian-clang 0.1-6 2.48 19.66 22.14 NOTE
r-devel-linux-x86_64-debian-gcc 0.1-6 1.86 15.70 17.56 NOTE
r-devel-linux-x86_64-fedora-clang 0.1-6 35.25 NOTE
r-devel-linux-x86_64-fedora-gcc 0.1-6 25.77 NOTE
r-devel-windows-ix86+x86_64 0.1-6 9.00 41.00 50.00 NOTE
r-patched-linux-x86_64 0.1-6 2.17 19.83 22.00 NOTE
r-patched-solaris-x86 0.1-6 39.50 NOTE
r-release-linux-x86_64 0.1-6 2.33 19.68 22.01 NOTE
r-release-osx-x86_64 0.1-6 NOTE
r-release-windows-ix86+x86_64 0.1-6 5.00 29.00 34.00 NOTE
r-oldrel-osx-x86_64 0.1-6 NOTE
r-oldrel-windows-ix86+x86_64 0.1-6 4.00 42.00 46.00 NOTE

Check Details

Version: 0.1-6
Check: R code for possible problems
Result: NOTE
    eb: no visible global function definition for 'optimize'
    ebalance: no visible global function definition for 'var'
    Undefined global functions or variables:
     optimize var
    Consider adding
     importFrom("stats", "optimize", "var")
    to your NAMESPACE file.
Flavors: r-devel-linux-x86_64-debian-clang, r-devel-linux-x86_64-debian-gcc, r-devel-linux-x86_64-fedora-clang, r-devel-linux-x86_64-fedora-gcc, r-devel-windows-ix86+x86_64, r-patched-linux-x86_64, r-patched-solaris-x86, r-release-linux-x86_64, r-release-osx-x86_64, r-release-windows-ix86+x86_64, r-oldrel-osx-x86_64, r-oldrel-windows-ix86+x86_64