Last updated on 2025-02-04 03:49:47 CET.
Flavor | Version | Tinstall | Tcheck | Ttotal | Status | Flags |
---|---|---|---|---|---|---|
r-devel-linux-x86_64-debian-clang | 0.1.1 | 2.85 | 19.58 | 22.43 | OK | |
r-devel-linux-x86_64-debian-gcc | 0.1.1 | 2.04 | 14.75 | 16.79 | OK | |
r-devel-linux-x86_64-fedora-clang | 0.1.1 | 37.38 | OK | |||
r-devel-linux-x86_64-fedora-gcc | 0.1.1 | 34.98 | OK | |||
r-devel-windows-x86_64 | 0.1.1 | 5.00 | 36.00 | 41.00 | OK | |
r-patched-linux-x86_64 | 0.1.1 | 2.85 | 18.60 | 21.45 | NOTE | |
r-release-linux-x86_64 | 0.1.1 | 2.63 | 18.62 | 21.25 | NOTE | |
r-release-macos-arm64 | 0.1.1 | 15.00 | NOTE | |||
r-release-macos-x86_64 | 0.1.1 | 21.00 | NOTE | |||
r-release-windows-x86_64 | 0.1.1 | 3.00 | 35.00 | 38.00 | NOTE | |
r-oldrel-macos-arm64 | 0.1.1 | 16.00 | NOTE | |||
r-oldrel-macos-x86_64 | 0.1.1 | 22.00 | NOTE | |||
r-oldrel-windows-x86_64 | 0.1.1 | 5.00 | 37.00 | 42.00 | NOTE |
Version: 0.1.1
Check: LazyData
Result: NOTE
'LazyData' is specified without a 'data' directory
Flavors: r-patched-linux-x86_64, r-release-linux-x86_64, r-release-macos-arm64, r-release-macos-x86_64, r-release-windows-x86_64, r-oldrel-macos-arm64, r-oldrel-macos-x86_64, r-oldrel-windows-x86_64