CRAN Package Check Results for Package eSDM

Last updated on 2020-07-15 06:48:01 CEST.

Flavor Version Tinstall Tcheck Ttotal Status Flags
r-devel-linux-x86_64-debian-clang 0.3.4 7.91 246.06 253.97 OK
r-devel-linux-x86_64-debian-gcc 0.3.4 7.25 170.75 178.00 OK
r-devel-linux-x86_64-fedora-clang 0.3.4 284.60 OK
r-devel-linux-x86_64-fedora-gcc 0.3.4 320.46 OK
r-devel-windows-ix86+x86_64 0.3.4 42.00 316.00 358.00 OK
r-patched-linux-x86_64 0.3.4 7.26 227.87 235.13 OK
r-patched-solaris-x86 0.3.4 396.40 OK
r-release-linux-x86_64 0.3.4 8.78 225.12 233.90 OK
r-release-macos-x86_64 0.3.4 ERROR
r-release-windows-ix86+x86_64 0.3.4 35.00 303.00 338.00 OK
r-oldrel-macos-x86_64 0.3.4 OK
r-oldrel-windows-ix86+x86_64 0.3.4 24.00 319.00 343.00 OK

Check Details

Version: 0.3.4
Check: whether package can be installed
Result: ERROR
    Installation failed.
Flavor: r-release-macos-x86_64