Last updated on 2022-06-25 05:51:15 CEST.
Flavor | Version | Tinstall | Tcheck | Ttotal | Status | Flags |
---|---|---|---|---|---|---|
r-devel-linux-x86_64-debian-clang | 0.9.9-11 | 15.08 | 125.52 | 140.60 | OK | |
r-devel-linux-x86_64-debian-gcc | 0.9.9-11 | 12.97 | 97.44 | 110.41 | OK | |
r-devel-linux-x86_64-fedora-clang | 0.9.9-11 | 191.14 | NOTE | |||
r-devel-linux-x86_64-fedora-gcc | 0.9.9-11 | 191.17 | OK | |||
r-devel-windows-x86_64 | 0.9.9-11 | 32.00 | 172.00 | 204.00 | OK | |
r-patched-linux-x86_64 | 0.9.9-11 | 17.79 | 122.19 | 139.98 | OK | |
r-release-linux-x86_64 | 0.9.9-11 | 14.91 | 124.37 | 139.28 | OK | |
r-release-macos-arm64 | 0.9.9-11 | 52.00 | OK | |||
r-release-macos-x86_64 | 0.9.9-11 | 94.00 | OK | |||
r-release-windows-x86_64 | 0.9.9-11 | 37.00 | 178.00 | 215.00 | OK | |
r-oldrel-macos-arm64 | 0.9.9-11 | 66.00 | OK | |||
r-oldrel-macos-x86_64 | 0.9.9-11 | 106.00 | OK | |||
r-oldrel-windows-ix86+x86_64 | 0.9.9-11 | 33.00 | 150.00 | 183.00 | OK |
Version: 0.9.9-11
Check: installed package size
Result: NOTE
installed size is 5.0Mb
sub-directories of 1Mb or more:
data 4.3Mb
Flavor: r-devel-linux-x86_64-fedora-clang