Last updated on 2024-03-29 04:05:51 CET.
Flavor | Version | Tinstall | Tcheck | Ttotal | Status | Flags |
---|---|---|---|---|---|---|
r-devel-linux-x86_64-debian-clang | 0.11.0 | 14.33 | 405.19 | 419.52 | OK | |
r-devel-linux-x86_64-debian-gcc | 0.11.0 | 12.36 | 253.08 | 265.44 | OK | |
r-devel-linux-x86_64-fedora-clang | 0.11.0 | 527.24 | OK | |||
r-devel-linux-x86_64-fedora-gcc | 0.11.0 | 447.57 | OK | |||
r-devel-windows-x86_64 | 0.11.0 | 15.00 | 271.00 | 286.00 | OK | |
r-patched-linux-x86_64 | 0.11.0 | 12.87 | 341.15 | 354.02 | OK | |
r-release-linux-x86_64 | 0.11.0 | 13.87 | 339.98 | 353.85 | WARN | |
r-release-macos-arm64 | 0.11.0 | 159.00 | WARN | |||
r-release-macos-x86_64 | 0.11.0 | 228.00 | WARN | |||
r-release-windows-x86_64 | 0.11.0 | 20.00 | 323.00 | 343.00 | WARN | |
r-oldrel-macos-arm64 | 0.11.0 | 158.00 | WARN | |||
r-oldrel-windows-x86_64 | 0.11.0 | 21.00 | 330.00 | 351.00 | WARN |
Version: 0.11.0
Check: Rd files
Result: WARN
checkRd: (5) ePCR.Rd:0-17: Must have a \description
Flavors: r-release-linux-x86_64, r-release-macos-arm64, r-release-macos-x86_64, r-release-windows-x86_64, r-oldrel-macos-arm64, r-oldrel-windows-x86_64