Last updated on 2024-03-29 06:56:25 CET.
Flavor | Version | Tinstall | Tcheck | Ttotal | Status | Flags |
---|---|---|---|---|---|---|
r-devel-linux-x86_64-debian-clang | 1.3.3 | 16.31 | 358.67 | 374.98 | OK | |
r-devel-linux-x86_64-debian-gcc | 1.3.3 | 13.10 | 265.11 | 278.21 | OK | |
r-devel-linux-x86_64-fedora-clang | 1.3.3 | 462.22 | NOTE | |||
r-devel-linux-x86_64-fedora-gcc | 1.3.3 | 469.59 | NOTE | |||
r-devel-windows-x86_64 | 1.3.3 | 16.00 | 330.00 | 346.00 | OK | |
r-patched-linux-x86_64 | 1.3.3 | 21.22 | 347.92 | 369.14 | OK | |
r-release-linux-x86_64 | 1.3.3 | 15.45 | 347.01 | 362.46 | OK | |
r-release-macos-arm64 | 1.3.3 | 168.00 | OK | |||
r-release-macos-x86_64 | 1.3.3 | 383.00 | OK | |||
r-release-windows-x86_64 | 1.3.3 | 22.00 | 390.00 | 412.00 | OK | |
r-oldrel-macos-arm64 | 1.3.3 | 158.00 | OK | |||
r-oldrel-windows-x86_64 | 1.3.3 | 24.00 | 382.00 | 406.00 | OK |
Version: 1.3.3
Check: data for non-ASCII characters
Result: NOTE
Note: found 7 marked UTF-8 strings
Flavors: r-devel-linux-x86_64-fedora-clang, r-devel-linux-x86_64-fedora-gcc