Last updated on 2023-12-09 12:49:19 CET.
Flavor | Version | Tinstall | Tcheck | Ttotal | Status | Flags |
---|---|---|---|---|---|---|
r-devel-linux-x86_64-debian-clang | 0.1.0 | 3.09 | 32.00 | 35.09 | OK | |
r-devel-linux-x86_64-debian-gcc | 0.1.0 | 2.50 | 25.23 | 27.73 | OK | |
r-devel-linux-x86_64-fedora-clang | 0.1.0 | 44.77 | NOTE | |||
r-devel-linux-x86_64-fedora-gcc | 0.1.0 | 53.57 | NOTE | |||
r-devel-windows-x86_64 | 0.1.0 | 4.00 | 55.00 | 59.00 | OK | |
r-patched-linux-x86_64 | 0.1.0 | 3.27 | 31.63 | 34.90 | OK | |
r-release-linux-x86_64 | 0.1.0 | 2.73 | 31.47 | 34.20 | OK | |
r-release-macos-arm64 | 0.1.0 | 29.00 | OK | |||
r-release-macos-x86_64 | 0.1.0 | 42.00 | OK | |||
r-release-windows-x86_64 | 0.1.0 | 5.00 | 55.00 | 60.00 | OK | |
r-oldrel-macos-arm64 | 0.1.0 | 24.00 | NOTE | |||
r-oldrel-macos-x86_64 | 0.1.0 | 30.00 | NOTE | |||
r-oldrel-windows-x86_64 | 0.1.0 | 5.00 | 54.00 | 59.00 | OK |
Version: 0.1.0
Check: data for non-ASCII characters
Result: NOTE
Note: found 24 marked UTF-8 strings
Flavors: r-devel-linux-x86_64-fedora-clang, r-devel-linux-x86_64-fedora-gcc, r-oldrel-macos-arm64, r-oldrel-macos-x86_64