Last updated on 2024-04-26 20:51:54 CEST.
Flavor | Version | Tinstall | Tcheck | Ttotal | Status | Flags |
---|---|---|---|---|---|---|
r-devel-linux-x86_64-debian-clang | 0.1.2 | 5.29 | 33.52 | 38.81 | NOTE | |
r-devel-linux-x86_64-debian-gcc | 0.1.2 | 4.22 | 24.21 | 28.43 | NOTE | |
r-devel-linux-x86_64-fedora-clang | 0.1.2 | 50.17 | OK | |||
r-devel-linux-x86_64-fedora-gcc | 0.1.2 | 49.26 | OK | |||
r-devel-windows-x86_64 | 0.1.2 | 8.00 | 55.00 | 63.00 | OK | |
r-patched-linux-x86_64 | 0.1.2 | 6.70 | 32.59 | 39.29 | NOTE | |
r-release-linux-x86_64 | 0.1.2 | 6.29 | 32.95 | 39.24 | NOTE | |
r-release-macos-arm64 | 0.1.2 | 19.00 | NOTE | |||
r-release-windows-x86_64 | 0.1.2 | 8.00 | 48.00 | 56.00 | OK | |
r-oldrel-macos-arm64 | 0.1.2 | 21.00 | NOTE | |||
r-oldrel-macos-x86_64 | 0.1.2 | 28.00 | NOTE | |||
r-oldrel-windows-x86_64 | 0.1.2 | 10.00 | 47.00 | 57.00 | NOTE |
Version: 0.1.2
Check: package dependencies
Result: NOTE
Package suggested but not available for checking: ‘INLA’
Flavors: r-devel-linux-x86_64-debian-clang, r-devel-linux-x86_64-debian-gcc, r-patched-linux-x86_64, r-release-linux-x86_64, r-release-macos-arm64, r-oldrel-macos-arm64, r-oldrel-macos-x86_64, r-oldrel-windows-x86_64