CRAN Package Check Results for Package eCAR

Last updated on 2023-09-23 21:52:44 CEST.

Flavor Version Tinstall Tcheck Ttotal Status Flags
r-devel-linux-x86_64-debian-clang 0.1.2 5.44 32.67 38.11 NOTE
r-devel-linux-x86_64-debian-gcc 0.1.2 4.68 24.46 29.14 NOTE
r-devel-linux-x86_64-fedora-clang 0.1.2 49.67 OK
r-devel-linux-x86_64-fedora-gcc 0.1.2 49.11 OK
r-devel-windows-x86_64 0.1.2 9.00 49.00 58.00 NOTE
r-patched-linux-x86_64 0.1.2 4.65 32.34 36.99 NOTE
r-release-linux-x86_64 0.1.2 6.04 32.84 38.88 NOTE
r-release-macos-arm64 0.1.2 21.00 NOTE
r-release-macos-x86_64 0.1.2 28.00 NOTE
r-release-windows-x86_64 0.1.2 10.00 49.00 59.00 NOTE
r-oldrel-macos-arm64 0.1.2 20.00 NOTE
r-oldrel-macos-x86_64 0.1.2 25.00 NOTE
r-oldrel-windows-x86_64 0.1.2 9.00 58.00 67.00 NOTE

Check Details

Version: 0.1.2
Check: package dependencies
Result: NOTE
    Package suggested but not available for checking: ‘INLA’
Flavors: r-devel-linux-x86_64-debian-clang, r-devel-linux-x86_64-debian-gcc, r-devel-windows-x86_64, r-patched-linux-x86_64, r-release-linux-x86_64, r-release-macos-arm64, r-release-macos-x86_64, r-release-windows-x86_64, r-oldrel-macos-arm64, r-oldrel-macos-x86_64, r-oldrel-windows-x86_64