CRAN Package Check Results for Package dynwrap

Last updated on 2020-05-28 12:48:38 CEST.

Flavor Version Tinstall Tcheck Ttotal Status Flags
r-devel-linux-x86_64-debian-clang 1.2.1 17.62 321.55 339.17 OK
r-devel-linux-x86_64-debian-gcc 1.2.1 15.53 237.00 252.53 OK
r-devel-linux-x86_64-fedora-clang 1.2.1 384.86 OK
r-devel-linux-x86_64-fedora-gcc 1.2.1 385.44 OK
r-devel-windows-ix86+x86_64 1.2.1 57.00 427.00 484.00 OK
r-patched-linux-x86_64 1.2.1 17.17 310.96 328.13 OK
r-patched-solaris-x86 1.2.1 550.90 OK
r-release-linux-x86_64 1.2.1 17.54 309.16 326.70 OK
r-release-osx-x86_64 1.2.1 WARN
r-release-windows-ix86+x86_64 1.2.1 43.00 441.00 484.00 OK
r-oldrel-osx-x86_64 1.2.1 ERROR
r-oldrel-windows-ix86+x86_64 1.2.1 32.00 312.00 344.00 OK

Check Details

Version: 1.2.1
Check: re-building of vignette outputs
Result: WARN
    Error(s) in re-building vignettes:
    --- re-building ‘create_ti_method_container.Rmd’ using rmarkdown
    
    Attaching package: 'dplyr'
    
    The following objects are masked from 'package:stats':
    
     filter, lag
    
    The following objects are masked from 'package:base':
    
     intersect, setdiff, setequal, union
    
    --- finished re-building ‘create_ti_method_container.Rmd’
    
    --- re-building ‘create_ti_method_definition.Rmd’ using rmarkdown
    --- finished re-building ‘create_ti_method_definition.Rmd’
    
    --- re-building ‘create_ti_method_r.Rmd’ using rmarkdown
    --- finished re-building ‘create_ti_method_r.Rmd’
    
    --- re-building ‘create_ti_method_wrappers.Rmd’ using rmarkdown
    
    Attaching package: 'dplyr'
    
    The following objects are masked from 'package:stats':
    
     filter, lag
    
    The following objects are masked from 'package:base':
    
     intersect, setdiff, setequal, union
    
    Could not fetch https://raw.githubusercontent.com/dynverse/dynwrap/devel/man/figures/overview_wrapping_v3.png
    HttpExceptionRequest Request {
     host = "raw.githubusercontent.com"
     port = 443
     secure = True
     requestHeaders = []
     path = "/dynverse/dynwrap/devel/man/figures/overview_wrapping_v3.png"
     queryString = ""
     method = "GET"
     proxy = Nothing
     rawBody = False
     redirectCount = 10
     responseTimeout = ResponseTimeoutDefault
     requestVersion = HTTP/1.1
    }
     (ConnectionFailure Network.Socket.getAddrInfo (called with preferred socket type/protocol: AddrInfo {addrFlags = [AI_ADDRCONFIG], addrFamily = AF_UNSPEC, addrSocketType = Stream, addrProtocol = 6, addrAddress = <assumed to be undefined>, addrCanonName = <assumed to be undefined>}, host name: Just "raw.githubusercontent.com", service name: Just "443"): does not exist (nodename nor servname provided, or not known))
    Error: processing vignette 'create_ti_method_wrappers.Rmd' failed with diagnostics:
    pandoc document conversion failed with error 61
    --- failed re-building ‘create_ti_method_wrappers.Rmd’
    
    SUMMARY: processing the following file failed:
     ‘create_ti_method_wrappers.Rmd’
    
    Error: Vignette re-building failed.
    Execution halted
Flavor: r-release-osx-x86_64

Version: 1.2.1
Check: package dependencies
Result: NOTE
    Package suggested but not available for checking: ‘dyndimred’
Flavor: r-oldrel-osx-x86_64

Version: 1.2.1
Check: Rd cross-references
Result: NOTE
    Package unavailable to check Rd xrefs: ‘dyndimred’
Flavor: r-oldrel-osx-x86_64

Version: 1.2.1
Check: tests
Result: ERROR
     Running ‘testthat.R’ [97s/95s]
    Running the tests in ‘tests/testthat.R’ failed.
    Last 13 lines of output:
     3. base::getExportedValue(pkg, name)
     4. base::asNamespace(ns)
     5. base::getNamespace(ns)
     6. base::loadNamespace(name)
     7. base::withRestarts(stop(cond), retry_loadNamespace = function() NULL)
     8. base:::withOneRestart(expr, restarts[[1L]])
     9. base:::doWithOneRestart(return(expr), restart)
    
     ══ testthat results ═══════════════════════════════════════════════════════════
     [ OK: 1408 | SKIPPED: 1 | WARNINGS: 6 | FAILED: 2 ]
     1. Error: Testing add_dimred including calculation of dimred (@test-wrap_add_dimred.R#110)
     2. Error: Test get_dimred (@test-wrap_add_dimred.R#278)
    
     Error: testthat unit tests failed
     Execution halted
Flavor: r-oldrel-osx-x86_64