Last updated on 2024-03-28 12:50:32 CET.
Flavor | Version | Tinstall | Tcheck | Ttotal | Status | Flags |
---|---|---|---|---|---|---|
r-devel-linux-x86_64-debian-clang | 1.2.3 | 4.08 | 51.78 | 55.86 | NOTE | |
r-devel-linux-x86_64-debian-gcc | 1.2.3 | 4.06 | 40.51 | 44.57 | NOTE | |
r-devel-linux-x86_64-fedora-clang | 1.2.3 | 72.63 | NOTE | |||
r-devel-linux-x86_64-fedora-gcc | 1.2.3 | 75.17 | NOTE | |||
r-devel-windows-x86_64 | 1.2.3 | 7.00 | 58.00 | 65.00 | NOTE | |
r-patched-linux-x86_64 | 1.2.3 | 9.14 | 51.44 | 60.58 | NOTE | |
r-release-linux-x86_64 | 1.2.3 | 4.36 | 50.66 | 55.02 | OK | |
r-release-macos-arm64 | 1.2.3 | 27.00 | OK | |||
r-release-macos-x86_64 | 1.2.3 | 37.00 | OK | |||
r-release-windows-x86_64 | 1.2.3 | 8.00 | 63.00 | 71.00 | OK | |
r-oldrel-macos-arm64 | 1.2.3 | 24.00 | OK | |||
r-oldrel-windows-x86_64 | 1.2.3 | 8.00 | 69.00 | 77.00 | OK |
Version: 1.2.3
Check: Rd files
Result: NOTE
checkRd: (-1) dynsim.Rd:48: Lost braces in \itemize; \value handles \item{}{} directly
checkRd: (-1) dynsim.Rd:49: Lost braces in \itemize; \value handles \item{}{} directly
checkRd: (-1) dynsim.Rd:50-51: Lost braces in \itemize; \value handles \item{}{} directly
checkRd: (-1) dynsim.Rd:52: Lost braces in \itemize; \value handles \item{}{} directly
checkRd: (-1) dynsim.Rd:53-54: Lost braces in \itemize; \value handles \item{}{} directly
checkRd: (-1) dynsim.Rd:55-56: Lost braces in \itemize; \value handles \item{}{} directly
checkRd: (-1) dynsim.Rd:57-58: Lost braces in \itemize; \value handles \item{}{} directly
checkRd: (-1) dynsim.Rd:59-60: Lost braces in \itemize; \value handles \item{}{} directly
Flavors: r-devel-linux-x86_64-debian-clang, r-devel-linux-x86_64-debian-gcc, r-devel-linux-x86_64-fedora-clang, r-devel-linux-x86_64-fedora-gcc, r-devel-windows-x86_64, r-patched-linux-x86_64