Last updated on 2025-01-26 06:48:23 CET.
Flavor | Version | Tinstall | Tcheck | Ttotal | Status | Flags |
---|---|---|---|---|---|---|
r-devel-linux-x86_64-debian-clang | 1.0.4 | 8.70 | 94.27 | 102.97 | OK | |
r-devel-linux-x86_64-debian-gcc | 1.0.4 | 6.17 | 73.42 | 79.59 | OK | |
r-devel-linux-x86_64-fedora-clang | 1.0.4 | 170.00 | OK | |||
r-devel-linux-x86_64-fedora-gcc | 1.0.4 | 161.21 | OK | |||
r-devel-windows-x86_64 | 1.0.4 | 11.00 | 106.00 | 117.00 | OK | |
r-patched-linux-x86_64 | 1.0.4 | 8.61 | 90.06 | 98.67 | NOTE | |
r-release-linux-x86_64 | 1.0.4 | 9.02 | 89.85 | 98.87 | NOTE | |
r-release-macos-arm64 | 1.0.4 | 53.00 | NOTE | |||
r-release-macos-x86_64 | 1.0.4 | 81.00 | NOTE | |||
r-release-windows-x86_64 | 1.0.4 | 10.00 | 103.00 | 113.00 | NOTE | |
r-oldrel-macos-arm64 | 1.0.4 | 57.00 | NOTE | |||
r-oldrel-macos-x86_64 | 1.0.4 | 93.00 | NOTE | |||
r-oldrel-windows-x86_64 | 1.0.4 | 12.00 | 134.00 | 146.00 | NOTE |
Version: 1.0.4
Check: package dependencies
Result: NOTE
Package suggested but not available for checking: ‘lle’
Flavors: r-patched-linux-x86_64, r-release-linux-x86_64, r-release-macos-arm64, r-release-macos-x86_64, r-release-windows-x86_64, r-oldrel-macos-arm64, r-oldrel-macos-x86_64, r-oldrel-windows-x86_64
Version: 1.0.4
Check: LazyData
Result: NOTE
'LazyData' is specified without a 'data' directory
Flavors: r-patched-linux-x86_64, r-release-linux-x86_64, r-release-macos-arm64, r-release-macos-x86_64, r-release-windows-x86_64, r-oldrel-macos-arm64, r-oldrel-macos-x86_64, r-oldrel-windows-x86_64