Last updated on 2023-09-26 12:07:26 CEST.
Flavor | Version | Tinstall | Tcheck | Ttotal | Status | Flags |
---|---|---|---|---|---|---|
r-devel-linux-x86_64-debian-clang | 0.1.1 | 2.86 | 23.30 | 26.16 | OK | |
r-devel-linux-x86_64-debian-gcc | 0.1.1 | 2.58 | 18.69 | 21.27 | OK | |
r-devel-linux-x86_64-fedora-clang | 0.1.1 | 32.83 | NOTE | |||
r-devel-linux-x86_64-fedora-gcc | 0.1.1 | 33.51 | NOTE | |||
r-devel-windows-x86_64 | 0.1.1 | 4.00 | 42.00 | 46.00 | OK | |
r-patched-linux-x86_64 | 0.1.1 | 3.15 | 22.95 | 26.10 | OK | |
r-release-linux-x86_64 | 0.1.1 | 3.11 | 22.24 | 25.35 | OK | |
r-release-macos-arm64 | 0.1.1 | 17.00 | OK | |||
r-release-macos-x86_64 | 0.1.1 | 23.00 | OK | |||
r-release-windows-x86_64 | 0.1.1 | 5.00 | 41.00 | 46.00 | OK | |
r-oldrel-macos-arm64 | 0.1.1 | 20.00 | OK | |||
r-oldrel-macos-x86_64 | 0.1.1 | 23.00 | NOTE | |||
r-oldrel-windows-x86_64 | 0.1.1 | 7.00 | 44.00 | 51.00 | OK |
Version: 0.1.1
Check: data for non-ASCII characters
Result: NOTE
Note: found 2854 marked UTF-8 strings
Flavors: r-devel-linux-x86_64-fedora-clang, r-devel-linux-x86_64-fedora-gcc, r-oldrel-macos-x86_64