CRAN Package Check Results for Package dumbbell

Last updated on 2022-09-26 12:53:20 CEST.

Flavor Version Tinstall Tcheck Ttotal Status Flags
r-devel-linux-x86_64-debian-clang 0.1 11.76 101.27 113.03 NOTE
r-devel-linux-x86_64-debian-gcc 0.1 9.20 75.71 84.91 NOTE
r-devel-linux-x86_64-fedora-clang 0.1 149.55 NOTE
r-devel-linux-x86_64-fedora-gcc 0.1 139.25 NOTE
r-devel-windows-x86_64 0.1 19.00 142.00 161.00 NOTE
r-patched-linux-x86_64 0.1 8.49 95.69 104.18 NOTE
r-release-linux-x86_64 0.1 11.85 94.83 106.68 NOTE
r-release-macos-arm64 0.1 38.00 NOTE
r-release-macos-x86_64 0.1 74.00 NOTE
r-release-windows-x86_64 0.1 17.00 129.00 146.00 NOTE
r-oldrel-macos-arm64 0.1 56.00 NOTE
r-oldrel-macos-x86_64 0.1 82.00 NOTE
r-oldrel-windows-ix86+x86_64 0.1 28.00 140.00 168.00 NOTE

Check Details

Version: 0.1
Check: LazyData
Result: NOTE
     'LazyData' is specified without a 'data' directory
Flavors: r-devel-linux-x86_64-debian-clang, r-devel-linux-x86_64-debian-gcc, r-devel-linux-x86_64-fedora-clang, r-devel-linux-x86_64-fedora-gcc, r-devel-windows-x86_64, r-patched-linux-x86_64, r-release-linux-x86_64, r-release-macos-arm64, r-release-macos-x86_64, r-release-windows-x86_64, r-oldrel-macos-arm64, r-oldrel-macos-x86_64, r-oldrel-windows-ix86+x86_64