CRAN Package Check Results for Package duckduckr

Last updated on 2025-07-23 21:51:42 CEST.

Flavor Version Tinstall Tcheck Ttotal Status Flags
r-devel-linux-x86_64-debian-clang 1.0.0 1.53 20.50 22.03 OK
r-devel-linux-x86_64-debian-gcc 1.0.0 1.33 17.50 18.83 OK
r-devel-linux-x86_64-fedora-clang 1.0.0 34.22 OK
r-devel-linux-x86_64-fedora-gcc 1.0.0 32.61 OK
r-devel-windows-x86_64 1.0.0 3.00 43.00 46.00 OK
r-patched-linux-x86_64 1.0.0 1.69 18.12 19.81 OK
r-release-linux-x86_64 1.0.0 1.63 18.24 19.87 OK
r-release-macos-arm64 1.0.0 18.00 OK
r-release-macos-x86_64 1.0.0 25.00 OK
r-release-windows-x86_64 1.0.0 3.00 44.00 47.00 OK
r-oldrel-macos-arm64 1.0.0 16.00 NOTE
r-oldrel-macos-x86_64 1.0.0 26.00 NOTE
r-oldrel-windows-x86_64 1.0.0 3.00 48.00 51.00 NOTE

Check Details

Version: 1.0.0
Check: LazyData
Result: NOTE 'LazyData' is specified without a 'data' directory Flavors: r-oldrel-macos-arm64, r-oldrel-macos-x86_64, r-oldrel-windows-x86_64