Last updated on 2024-03-29 00:50:47 CET.
Flavor | Version | Tinstall | Tcheck | Ttotal | Status | Flags |
---|---|---|---|---|---|---|
r-devel-linux-x86_64-debian-clang | 0.10.0 | 3325.93 | 105.52 | 3431.45 | OK | |
r-devel-linux-x86_64-debian-gcc | 0.10.0 | 3016.09 | 79.85 | 3095.94 | OK | |
r-devel-linux-x86_64-fedora-clang | 0.10.0 | 4890.37 | NOTE | |||
r-devel-linux-x86_64-fedora-gcc | 0.10.0 | 6201.81 | OK | |||
r-devel-windows-x86_64 | 0.10.0 | 2558.00 | 381.00 | 2939.00 | NOTE | |
r-patched-linux-x86_64 | 0.10.0 | 3606.67 | 103.31 | 3709.98 | OK | |
r-release-linux-x86_64 | 0.10.0 | 3587.92 | 100.26 | 3688.18 | OK | |
r-release-macos-arm64 | 0.10.0 | 981.00 | NOTE | |||
r-release-macos-x86_64 | 0.10.0 | 817.00 | NOTE | |||
r-release-windows-x86_64 | 0.10.0 | 2425.00 | 442.00 | 2867.00 | NOTE | |
r-oldrel-macos-arm64 | 0.10.0 | 996.00 | NOTE | |||
r-oldrel-windows-x86_64 | 0.10.0 | 3213.00 | 427.00 | 3640.00 | NOTE |
Version: 0.10.0
Check: installed package size
Result: NOTE
installed size is 43.1Mb
sub-directories of 1Mb or more:
libs 42.3Mb
Flavors: r-devel-linux-x86_64-fedora-clang, r-devel-windows-x86_64, r-release-macos-arm64, r-release-macos-x86_64, r-release-windows-x86_64, r-oldrel-macos-arm64, r-oldrel-windows-x86_64