Last updated on 2023-09-29 12:56:56 CEST.
Flavor | Version | Tinstall | Tcheck | Ttotal | Status | Flags |
---|---|---|---|---|---|---|
r-devel-linux-x86_64-debian-clang | 5.5.12 | 187.84 | 410.93 | 598.77 | NOTE | |
r-devel-linux-x86_64-debian-gcc | 5.5.12 | 137.02 | 305.33 | 442.35 | NOTE | |
r-devel-linux-x86_64-fedora-clang | 5.5.12 | 818.05 | NOTE | |||
r-devel-linux-x86_64-fedora-gcc | 5.5.12 | 882.25 | NOTE | |||
r-devel-windows-x86_64 | 5.5.12 | 158.00 | 309.00 | 467.00 | NOTE | |
r-patched-linux-x86_64 | 5.5.12 | 157.56 | 406.83 | 564.39 | NOTE | |
r-release-linux-x86_64 | 5.5.12 | 178.06 | 404.90 | 582.96 | NOTE | |
r-release-macos-arm64 | 5.5.12 | 212.00 | NOTE | |||
r-release-macos-x86_64 | 5.5.12 | 402.00 | NOTE | |||
r-release-windows-x86_64 | 5.5.12 | 208.00 | 395.00 | 603.00 | NOTE | |
r-oldrel-macos-arm64 | 5.5.12 | 167.00 | NOTE | |||
r-oldrel-macos-x86_64 | 5.5.12 | 280.00 | NOTE | |||
r-oldrel-windows-x86_64 | 5.5.12 | 194.00 | 376.00 | 570.00 | NOTE |
Version: 5.5.12
Check: for GNU extensions in Makefiles
Result: NOTE
GNU make is a SystemRequirements.
Flavors: r-devel-linux-x86_64-debian-clang, r-devel-linux-x86_64-debian-gcc, r-devel-linux-x86_64-fedora-clang, r-devel-linux-x86_64-fedora-gcc, r-devel-windows-x86_64, r-patched-linux-x86_64, r-release-linux-x86_64, r-release-macos-arm64, r-release-macos-x86_64, r-release-windows-x86_64, r-oldrel-macos-arm64, r-oldrel-macos-x86_64, r-oldrel-windows-x86_64
Version: 5.5.12
Check: installed package size
Result: NOTE
installed size is 9.4Mb
sub-directories of 1Mb or more:
doc 2.4Mb
libs 5.7Mb
Flavors: r-release-macos-arm64, r-release-macos-x86_64, r-oldrel-macos-arm64, r-oldrel-macos-x86_64