CRAN Package Check Results for Package dtpcrm

Last updated on 2022-10-01 05:51:20 CEST.

Flavor Version Tinstall Tcheck Ttotal Status Flags
r-devel-linux-x86_64-debian-clang 0.1.1 2.65 63.70 66.35 NOTE
r-devel-linux-x86_64-debian-gcc 0.1.1 2.16 48.48 50.64 NOTE
r-devel-linux-x86_64-fedora-clang 0.1.1 92.99 NOTE
r-devel-linux-x86_64-fedora-gcc 0.1.1 91.58 NOTE
r-devel-windows-x86_64 0.1.1 12.00 133.00 145.00 NOTE
r-patched-linux-x86_64 0.1.1 3.07 63.39 66.46 NOTE
r-release-linux-x86_64 0.1.1 2.73 63.13 65.86 NOTE
r-release-macos-arm64 0.1.1 29.00 NOTE
r-release-macos-x86_64 0.1.1 44.00 NOTE
r-release-windows-x86_64 0.1.1 17.00 131.00 148.00 NOTE
r-oldrel-macos-arm64 0.1.1 34.00 NOTE
r-oldrel-macos-x86_64 0.1.1 61.00 NOTE
r-oldrel-windows-ix86+x86_64 0.1.1 6.00 137.00 143.00 NOTE

Check Details

Version: 0.1.1
Check: LazyData
Result: NOTE
     'LazyData' is specified without a 'data' directory
Flavors: r-devel-linux-x86_64-debian-clang, r-devel-linux-x86_64-debian-gcc, r-devel-linux-x86_64-fedora-clang, r-devel-linux-x86_64-fedora-gcc, r-devel-windows-x86_64, r-patched-linux-x86_64, r-release-linux-x86_64, r-release-macos-arm64, r-release-macos-x86_64, r-release-windows-x86_64, r-oldrel-macos-arm64, r-oldrel-macos-x86_64, r-oldrel-windows-ix86+x86_64