Last updated on 2025-02-01 12:48:25 CET.
Flavor | Version | Tinstall | Tcheck | Ttotal | Status | Flags |
---|---|---|---|---|---|---|
r-devel-linux-x86_64-debian-clang | 2.0.9 | 2.55 | 547.76 | 550.31 | NOTE | |
r-devel-linux-x86_64-debian-gcc | 2.0.9 | 1.71 | 273.18 | 274.89 | NOTE | |
r-devel-linux-x86_64-fedora-clang | 2.0.9 | 953.29 | NOTE | |||
r-devel-linux-x86_64-fedora-gcc | 2.0.9 | 848.99 | NOTE | |||
r-devel-windows-x86_64 | 2.0.9 | 5.00 | 377.00 | 382.00 | NOTE | |
r-patched-linux-x86_64 | 2.0.9 | 2.59 | 509.46 | 512.05 | NOTE | |
r-release-linux-x86_64 | 2.0.9 | 2.23 | 502.38 | 504.61 | NOTE | |
r-release-macos-arm64 | 2.0.9 | 153.00 | NOTE | |||
r-release-macos-x86_64 | 2.0.9 | 294.00 | NOTE | |||
r-release-windows-x86_64 | 2.0.9 | 5.00 | 379.00 | 384.00 | NOTE | |
r-oldrel-macos-arm64 | 2.0.9 | 188.00 | OK | |||
r-oldrel-macos-x86_64 | 2.0.9 | 388.00 | OK | |||
r-oldrel-windows-x86_64 | 2.0.9 | 6.00 | 595.00 | 601.00 | OK |
Version: 2.0.9
Check: Rd files
Result: NOTE
checkRd: (-1) dtangle.Rd:60: Lost braces in \itemize; meant \describe ?
checkRd: (-1) dtangle.Rd:61: Lost braces in \itemize; meant \describe ?
checkRd: (-1) dtangle.Rd:62: Lost braces in \itemize; meant \describe ?
checkRd: (-1) dtangle.Rd:63: Lost braces in \itemize; meant \describe ?
checkRd: (-1) dtangle.Rd:75: Lost braces in \itemize; \value handles \item{}{} directly
checkRd: (-1) dtangle.Rd:76: Lost braces in \itemize; \value handles \item{}{} directly
checkRd: (-1) dtangle.Rd:77: Lost braces in \itemize; \value handles \item{}{} directly
checkRd: (-1) dtangle.Rd:78: Lost braces in \itemize; \value handles \item{}{} directly
checkRd: (-1) dtangle2.Rd:50: Lost braces in \itemize; meant \describe ?
checkRd: (-1) dtangle2.Rd:51: Lost braces in \itemize; meant \describe ?
checkRd: (-1) dtangle2.Rd:52: Lost braces in \itemize; meant \describe ?
checkRd: (-1) dtangle2.Rd:53: Lost braces in \itemize; meant \describe ?
checkRd: (-1) dtangle2.Rd:115: Lost braces in \itemize; \value handles \item{}{} directly
checkRd: (-1) dtangle2.Rd:116: Lost braces in \itemize; \value handles \item{}{} directly
checkRd: (-1) dtangle2.Rd:117: Lost braces in \itemize; \value handles \item{}{} directly
checkRd: (-1) dtangle2.Rd:118: Lost braces in \itemize; \value handles \item{}{} directly
checkRd: (-1) dtangle2.Rd:119-121: Lost braces in \itemize; \value handles \item{}{} directly
checkRd: (-1) find_markers.Rd:47: Lost braces in \itemize; meant \describe ?
checkRd: (-1) find_markers.Rd:48: Lost braces in \itemize; meant \describe ?
checkRd: (-1) find_markers.Rd:49: Lost braces in \itemize; meant \describe ?
checkRd: (-1) find_markers.Rd:50: Lost braces in \itemize; meant \describe ?
checkRd: (-1) process_markers.Rd:53: Lost braces in \itemize; meant \describe ?
checkRd: (-1) process_markers.Rd:54: Lost braces in \itemize; meant \describe ?
checkRd: (-1) process_markers.Rd:55: Lost braces in \itemize; meant \describe ?
checkRd: (-1) process_markers.Rd:56: Lost braces in \itemize; meant \describe ?
Flavors: r-devel-linux-x86_64-debian-clang, r-devel-linux-x86_64-debian-gcc, r-devel-linux-x86_64-fedora-clang, r-devel-linux-x86_64-fedora-gcc, r-devel-windows-x86_64, r-patched-linux-x86_64, r-release-linux-x86_64, r-release-macos-arm64, r-release-macos-x86_64, r-release-windows-x86_64