Last updated on 2025-02-22 12:50:24 CET.
Flavor | Version | Tinstall | Tcheck | Ttotal | Status | Flags |
---|---|---|---|---|---|---|
r-devel-linux-x86_64-debian-clang | 0.2.1 | 5.13 | 79.17 | 84.30 | OK | |
r-devel-linux-x86_64-debian-gcc | 0.2.1 | 3.69 | 57.86 | 61.55 | OK | |
r-devel-linux-x86_64-fedora-clang | 0.2.1 | 142.97 | OK | |||
r-devel-linux-x86_64-fedora-gcc | 0.2.1 | 132.40 | OK | |||
r-devel-macos-arm64 | 0.2.1 | 45.00 | OK | |||
r-devel-macos-x86_64 | 0.2.1 | 70.00 | OK | |||
r-devel-windows-x86_64 | 0.2.1 | 6.00 | 87.00 | 93.00 | OK | |
r-patched-linux-x86_64 | 0.2.1 | 4.00 | 76.11 | 80.11 | NOTE | |
r-release-linux-x86_64 | 0.2.1 | 4.55 | 75.67 | 80.22 | NOTE | |
r-release-macos-arm64 | 0.2.1 | 34.00 | NOTE | |||
r-release-macos-x86_64 | 0.2.1 | 50.00 | NOTE | |||
r-release-windows-x86_64 | 0.2.1 | 7.00 | 85.00 | 92.00 | NOTE | |
r-oldrel-macos-arm64 | 0.2.1 | 35.00 | NOTE | |||
r-oldrel-macos-x86_64 | 0.2.1 | 51.00 | NOTE | |||
r-oldrel-windows-x86_64 | 0.2.1 | 8.00 | 100.00 | 108.00 | NOTE |
Version: 0.2.1
Check: LazyData
Result: NOTE
'LazyData' is specified without a 'data' directory
Flavors: r-patched-linux-x86_64, r-release-linux-x86_64, r-release-macos-arm64, r-release-macos-x86_64, r-release-windows-x86_64, r-oldrel-macos-arm64, r-oldrel-macos-x86_64, r-oldrel-windows-x86_64