CRAN Package Check Results for Package drifter

Last updated on 2023-11-30 12:49:19 CET.

Flavor Version Tinstall Tcheck Ttotal Status Flags
r-devel-linux-x86_64-debian-clang 0.2.1 5.71 94.25 99.96 NOTE
r-devel-linux-x86_64-debian-gcc 0.2.1 5.02 70.65 75.67 NOTE
r-devel-linux-x86_64-fedora-clang 0.2.1 122.74 NOTE
r-devel-linux-x86_64-fedora-gcc 0.2.1 121.58 NOTE
r-devel-windows-x86_64 0.2.1 7.00 77.00 84.00 NOTE
r-patched-linux-x86_64 0.2.1 3.86 89.77 93.63 NOTE
r-release-linux-x86_64 0.2.1 4.02 88.06 92.08 NOTE
r-release-macos-arm64 0.2.1 35.00 NOTE
r-release-macos-x86_64 0.2.1 51.00 NOTE
r-release-windows-x86_64 0.2.1 8.00 80.00 88.00 NOTE
r-oldrel-macos-arm64 0.2.1 33.00 NOTE
r-oldrel-macos-x86_64 0.2.1 76.00 NOTE
r-oldrel-windows-x86_64 0.2.1 9.00 88.00 97.00 NOTE

Check Details

Version: 0.2.1
Check: LazyData
Result: NOTE 'LazyData' is specified without a 'data' directory Flavors: r-devel-linux-x86_64-debian-clang, r-devel-linux-x86_64-debian-gcc, r-devel-linux-x86_64-fedora-clang, r-devel-linux-x86_64-fedora-gcc, r-devel-windows-x86_64, r-patched-linux-x86_64, r-release-linux-x86_64, r-release-macos-arm64, r-release-macos-x86_64, r-release-windows-x86_64, r-oldrel-macos-arm64, r-oldrel-macos-x86_64, r-oldrel-windows-x86_64