Last updated on 2022-05-24 06:50:39 CEST.
Flavor | Version | Tinstall | Tcheck | Ttotal | Status | Flags |
---|---|---|---|---|---|---|
r-devel-linux-x86_64-debian-clang | 0.1.0 | 3.88 | 51.88 | 55.76 | NOTE | |
r-devel-linux-x86_64-debian-gcc | 0.1.0 | 3.80 | 40.78 | 44.58 | NOTE | |
r-devel-linux-x86_64-fedora-clang | 0.1.0 | 71.53 | NOTE | |||
r-devel-linux-x86_64-fedora-gcc | 0.1.0 | 67.05 | NOTE | |||
r-devel-windows-x86_64 | 0.1.0 | 112.00 | 80.00 | 192.00 | NOTE | |
r-patched-linux-x86_64 | 0.1.0 | 5.12 | 49.90 | 55.02 | NOTE | |
r-release-linux-x86_64 | 0.1.0 | NOTE | ||||
r-release-macos-arm64 | 0.1.0 | 21.00 | NOTE | |||
r-release-macos-x86_64 | 0.1.0 | 38.00 | NOTE | |||
r-release-windows-x86_64 | 0.1.0 | 96.00 | 83.00 | 179.00 | NOTE | |
r-oldrel-macos-arm64 | 0.1.0 | 26.00 | NOTE | |||
r-oldrel-macos-x86_64 | 0.1.0 | 39.00 | NOTE | |||
r-oldrel-windows-ix86+x86_64 | 0.1.0 | 18.00 | 70.00 | 88.00 | NOTE |
Version: 0.1.0
Check: LazyData
Result: NOTE
'LazyData' is specified without a 'data' directory
Flavors: r-devel-linux-x86_64-debian-clang, r-devel-linux-x86_64-debian-gcc, r-devel-linux-x86_64-fedora-clang, r-devel-linux-x86_64-fedora-gcc, r-devel-windows-x86_64, r-patched-linux-x86_64, r-release-linux-x86_64, r-release-macos-arm64, r-release-macos-x86_64, r-release-windows-x86_64, r-oldrel-macos-arm64, r-oldrel-macos-x86_64, r-oldrel-windows-ix86+x86_64
Version: 0.1.0
Check: dependencies in R code
Result: NOTE
Namespaces in Imports field not imported from:
‘arm’ ‘car’ ‘dotwhisker’ ‘gapminder’ ‘ggeffects’ ‘ggthemes’ ‘gt’
‘interplot’ ‘kableExtra’ ‘knitr’ ‘likert’ ‘modelsummary’ ‘moments’
‘nnet’ ‘ordinal’ ‘performance’ ‘scales’ ‘summarytools’ ‘tibble’
‘tidyverse’
All declared Imports should be used.
Flavors: r-devel-linux-x86_64-fedora-clang, r-devel-linux-x86_64-fedora-gcc, r-release-macos-arm64, r-release-macos-x86_64, r-oldrel-macos-arm64, r-oldrel-macos-x86_64