Last updated on 2022-06-28 21:51:19 CEST.
Flavor | Version | Tinstall | Tcheck | Ttotal | Status | Flags |
---|---|---|---|---|---|---|
r-devel-linux-x86_64-debian-clang | 1.1.0 | 109.93 | 73.91 | 183.84 | NOTE | |
r-devel-linux-x86_64-debian-gcc | 1.1.0 | 89.15 | 56.34 | 145.49 | NOTE | |
r-devel-linux-x86_64-fedora-clang | 1.1.0 | 289.51 | NOTE | |||
r-devel-linux-x86_64-fedora-gcc | 1.1.0 | 252.87 | NOTE | |||
r-devel-windows-x86_64 | 1.1.0 | 126.00 | 120.00 | 246.00 | NOTE | |
r-patched-linux-x86_64 | 1.1.0 | 96.75 | 70.17 | 166.92 | NOTE | |
r-release-linux-x86_64 | 1.1.0 | 98.13 | 71.06 | 169.19 | NOTE | |
r-release-macos-arm64 | 1.1.0 | 69.00 | NOTE | |||
r-release-macos-x86_64 | 1.1.0 | 89.00 | NOTE | |||
r-release-windows-x86_64 | 1.1.0 | 131.00 | 131.00 | 262.00 | NOTE | |
r-oldrel-macos-arm64 | 1.1.0 | 77.00 | NOTE | |||
r-oldrel-macos-x86_64 | 1.1.0 | 97.00 | NOTE | |||
r-oldrel-windows-ix86+x86_64 | 1.1.0 | 284.00 | 132.00 | 416.00 | NOTE |
Version: 1.1.0
Check: for GNU extensions in Makefiles
Result: NOTE
GNU make is a SystemRequirements.
Flavors: r-devel-linux-x86_64-debian-clang, r-devel-linux-x86_64-debian-gcc, r-devel-linux-x86_64-fedora-clang, r-devel-linux-x86_64-fedora-gcc, r-devel-windows-x86_64, r-patched-linux-x86_64, r-release-linux-x86_64, r-release-macos-arm64, r-release-macos-x86_64, r-release-windows-x86_64, r-oldrel-macos-arm64, r-oldrel-macos-x86_64, r-oldrel-windows-ix86+x86_64
Version: 1.1.0
Check: installed package size
Result: NOTE
installed size is 6.6Mb
sub-directories of 1Mb or more:
libs 6.5Mb
Flavors: r-release-macos-arm64, r-release-macos-x86_64, r-oldrel-macos-arm64, r-oldrel-macos-x86_64