Last updated on 2024-04-26 03:55:26 CEST.
Flavor | Version | Tinstall | Tcheck | Ttotal | Status | Flags |
---|---|---|---|---|---|---|
r-devel-linux-x86_64-debian-clang | 2.0.3 | 20.31 | 317.54 | 337.85 | NOTE | |
r-devel-linux-x86_64-debian-gcc | 2.0.3 | 15.44 | 221.44 | 236.88 | NOTE | |
r-devel-linux-x86_64-fedora-clang | 2.0.3 | 392.03 | NOTE | |||
r-devel-linux-x86_64-fedora-gcc | 2.0.3 | 385.48 | NOTE | |||
r-devel-windows-x86_64 | 2.0.3 | 15.00 | 224.00 | 239.00 | NOTE | |
r-patched-linux-x86_64 | 2.0.3 | 16.43 | 302.46 | 318.89 | NOTE | |
r-release-linux-x86_64 | 2.0.3 | 16.29 | 294.42 | 310.71 | OK | |
r-release-macos-arm64 | 2.0.3 | 89.00 | NOTE | |||
r-release-windows-x86_64 | 2.0.3 | 16.00 | 225.00 | 241.00 | NOTE | |
r-oldrel-macos-arm64 | 2.0.3 | 92.00 | OK | |||
r-oldrel-macos-x86_64 | 2.0.3 | 183.00 | OK | |||
r-oldrel-windows-x86_64 | 2.0.3 | 15.00 | 292.00 | 307.00 | OK |
Version: 2.0.3
Check: Rd files
Result: NOTE
checkRd: (-1) logistic2_fn.Rd:34: Lost braces; missing escapes or markup?
34 | This function allows values other than {0, 1, -1} for \code{alpha} and \code{delta} but
| ^
checkRd: (-1) loglogistic2_fn.Rd:35: Lost braces; missing escapes or markup?
35 | This function allows values other than {0, 1, -1} for \code{alpha} and \code{delta} but
| ^
Flavors: r-devel-linux-x86_64-debian-clang, r-devel-linux-x86_64-debian-gcc, r-devel-linux-x86_64-fedora-clang, r-devel-linux-x86_64-fedora-gcc, r-devel-windows-x86_64, r-patched-linux-x86_64, r-release-macos-arm64, r-release-windows-x86_64